{"id":13904,"date":"2024-10-03T13:03:08","date_gmt":"2024-10-03T13:03:08","guid":{"rendered":"https:\/\/www.terravision.eu\/francese\/?page_id=13904"},"modified":"2024-10-10T09:02:08","modified_gmt":"2024-10-10T09:02:08","slug":"voyager-vert-avec-terravision","status":"publish","type":"page","link":"https:\/\/www.terravision.eu\/francese\/voyager-vert-avec-terravision.html","title":{"rendered":"Voyager vert avec Terravision"},"content":{"rendered":"<p><a href=\"https:\/\/www.terravision.eu\/italiano\/files\/2023\/04\/Protect-Environment_canva.png\"><img loading=\"lazy\" decoding=\"async\" class=\"alignnone\" src=\"https:\/\/www.terravision.eu\/italiano\/files\/2023\/04\/Protect-Environment_canva.png\" width=\"800\" height=\"671\" \/><\/a><\/p>\n<p>Saviez-vous qu&#8217;en choisissant Terravision, vous contribuez \u00e0 r\u00e9duire l&#8217;impact n\u00e9gatif des transports sur l&#8217;environnement?<\/p>\n<p>Voyager implique de se d\u00e9placer, ce qui n\u00e9cessite des moyens de transport. Malheureusement, les transports contribuent \u00e0 la pollution de l&#8217;air par le bruit, le smog, les embouteillages, les accidents et l&#8217;\u00e9mission de particules fines, qui sont parmi les menaces les plus dangereuses pour notre environnement.<\/p>\n<p>Alors, comment continuer \u00e0 voyager (m\u00eame sur de longues distances) tout en pr\u00e9servant l&#8217;environnement?<\/p>\n<p>La r\u00e9ponse est de voyager le plus \u00e9cologique possible et d&#8217;\u00eatre attentif \u00e0 notre impact sur l&#8217;environnement. La premi\u00e8re chose \u00e0 faire est d&#8217;opter pour les transports collectifs! En partageant votre trajet avec d&#8217;autres passagers, vous r\u00e9duisez le nombre de v\u00e9hicules en circulation et donc la pollution. Chaque petit geste peut faire la difference!<\/p>\n<p><strong><span style=\"font-size: x-large;\"><span style=\"color: #32a836;\">Rejoindre l&#8217;a\u00e9roport en bus: un choix responsable qui permet \u00e9galement d&#8217;\u00e9conomiser du CO2.<\/span><\/span><\/strong><\/p>\n<p>Les changements climatiques drastiques qui se produisent dans le monde entier auront un impact de plus en plus important sur la soci\u00e9t\u00e9, du mode de vie \u00e0 la mobilit\u00e9. Face \u00e0 ce sc\u00e9nario inqui\u00e9tant, nous devons agir collectivement avec pr\u00e9voyance plut\u00f4t qu&#8217;avec crainte. Diverses questions critiques peuvent \u00eatre abord\u00e9es en adoptant une s\u00e9rie de comportements responsables, comme le soulignent et le recommandent largement les experts dans ce domaine.<\/p>\n<p><a href=\"https:\/\/www.terravision.eu\/francese\/files\/2024\/10\/Reaching-the-airport-by-bus-FRA.pdf\" target=\"_blank\" rel=\"noopener\">Lisez l&#8217;article complet<\/a><\/p>\n<p>&nbsp;<\/p>\n","protected":false},"excerpt":{"rendered":"<p>Saviez-vous qu&#8217;en choisissant Terravision, vous contribuez \u00e0 r\u00e9duire l&#8217;impact n\u00e9gatif des transports sur l&#8217;environnement? Voyager implique de se d\u00e9placer, ce qui n\u00e9cessite des moyens de transport. Malheureusement, les transports contribuent \u00e0 la pollution de l&#8217;air par le bruit, le smog, les embouteillages, les accidents et l&#8217;\u00e9mission de particules fines, qui sont parmi les menaces les [&hellip;]<\/p>\n","protected":false},"author":135,"featured_media":0,"parent":0,"menu_order":0,"comment_status":"closed","ping_status":"closed","template":"","meta":{"footnotes":""},"class_list":["post-13904","page","type-page","status-publish","hentry"],"yoast_head":"<!-- This site is optimized with the Yoast SEO Premium plugin v24.4 (Yoast SEO v24.4) - https:\/\/yoast.com\/wordpress\/plugins\/seo\/ -->\n<title>Voyager vert avec Terravision | Terravision France<\/title>\n<meta name=\"robots\" content=\"index, follow, max-snippet:-1, max-image-preview:large, max-video-preview:-1\" \/>\n<link rel=\"canonical\" href=\"https:\/\/www.terravision.eu\/francese\/voyager-vert-avec-terravision.html\" \/>\n<meta property=\"og:locale\" content=\"fr_FR\" \/>\n<meta property=\"og:type\" content=\"article\" \/>\n<meta property=\"og:title\" content=\"Voyager vert avec Terravision\" \/>\n<meta property=\"og:description\" content=\"Saviez-vous qu&#8217;en choisissant Terravision, vous contribuez \u00e0 r\u00e9duire l&#8217;impact n\u00e9gatif des transports sur l&#8217;environnement? Voyager implique de se d\u00e9placer, ce qui n\u00e9cessite des moyens de transport. Malheureusement, les transports contribuent \u00e0 la pollution de l&#8217;air par le bruit, le smog, les embouteillages, les accidents et l&#8217;\u00e9mission de particules fines, qui sont parmi les menaces les [&hellip;]\" \/>\n<meta property=\"og:url\" content=\"https:\/\/www.terravision.eu\/francese\/voyager-vert-avec-terravision.html\" \/>\n<meta property=\"og:site_name\" content=\"Terravision France\" \/>\n<meta property=\"article:modified_time\" content=\"2024-10-10T09:02:08+00:00\" \/>\n<meta property=\"og:image\" content=\"https:\/\/www.terravision.eu\/italiano\/files\/2023\/04\/Protect-Environment_canva.png\" \/>\n<meta name=\"twitter:label1\" content=\"Dur\u00e9e de lecture estim\u00e9e\" \/>\n\t<meta name=\"twitter:data1\" content=\"1 minute\" \/>\n<script type=\"application\/ld+json\" class=\"yoast-schema-graph\">{\"@context\":\"https:\/\/schema.org\",\"@graph\":[{\"@type\":\"WebPage\",\"@id\":\"https:\/\/www.terravision.eu\/francese\/voyager-vert-avec-terravision.html\",\"url\":\"https:\/\/www.terravision.eu\/francese\/voyager-vert-avec-terravision.html\",\"name\":\"Voyager vert avec Terravision | Terravision France\",\"isPartOf\":{\"@id\":\"https:\/\/www.terravision.eu\/francese\/#website\"},\"primaryImageOfPage\":{\"@id\":\"https:\/\/www.terravision.eu\/francese\/voyager-vert-avec-terravision.html#primaryimage\"},\"image\":{\"@id\":\"https:\/\/www.terravision.eu\/francese\/voyager-vert-avec-terravision.html#primaryimage\"},\"thumbnailUrl\":\"https:\/\/www.terravision.eu\/italiano\/files\/2023\/04\/Protect-Environment_canva.png\",\"datePublished\":\"2024-10-03T13:03:08+00:00\",\"dateModified\":\"2024-10-10T09:02:08+00:00\",\"breadcrumb\":{\"@id\":\"https:\/\/www.terravision.eu\/francese\/voyager-vert-avec-terravision.html#breadcrumb\"},\"inLanguage\":\"fr-FR\",\"potentialAction\":[{\"@type\":\"ReadAction\",\"target\":[\"https:\/\/www.terravision.eu\/francese\/voyager-vert-avec-terravision.html\"]}]},{\"@type\":\"ImageObject\",\"inLanguage\":\"fr-FR\",\"@id\":\"https:\/\/www.terravision.eu\/francese\/voyager-vert-avec-terravision.html#primaryimage\",\"url\":\"https:\/\/www.terravision.eu\/italiano\/files\/2023\/04\/Protect-Environment_canva.png\",\"contentUrl\":\"https:\/\/www.terravision.eu\/italiano\/files\/2023\/04\/Protect-Environment_canva.png\"},{\"@type\":\"BreadcrumbList\",\"@id\":\"https:\/\/www.terravision.eu\/francese\/voyager-vert-avec-terravision.html#breadcrumb\",\"itemListElement\":[{\"@type\":\"ListItem\",\"position\":1,\"name\":\"Home\",\"item\":\"https:\/\/www.terravision.eu\/francese\/\"},{\"@type\":\"ListItem\",\"position\":2,\"name\":\"Voyager vert avec Terravision\"}]},{\"@type\":\"WebSite\",\"@id\":\"https:\/\/www.terravision.eu\/francese\/#website\",\"url\":\"https:\/\/www.terravision.eu\/francese\/\",\"name\":\"Terravision France\",\"description\":\"Liaisons low-cost vers\/depuis les grands a\u00e9roports europ\u00e9ens\",\"potentialAction\":[{\"@type\":\"SearchAction\",\"target\":{\"@type\":\"EntryPoint\",\"urlTemplate\":\"https:\/\/www.terravision.eu\/francese\/?s={search_term_string}\"},\"query-input\":{\"@type\":\"PropertyValueSpecification\",\"valueRequired\":true,\"valueName\":\"search_term_string\"}}],\"inLanguage\":\"fr-FR\"}]}<\/script>\n<!-- \/ Yoast SEO Premium plugin. -->","yoast_head_json":{"title":"Voyager vert avec Terravision | Terravision France","robots":{"index":"index","follow":"follow","max-snippet":"max-snippet:-1","max-image-preview":"max-image-preview:large","max-video-preview":"max-video-preview:-1"},"canonical":"https:\/\/www.terravision.eu\/francese\/voyager-vert-avec-terravision.html","og_locale":"fr_FR","og_type":"article","og_title":"Voyager vert avec Terravision","og_description":"Saviez-vous qu&#8217;en choisissant Terravision, vous contribuez \u00e0 r\u00e9duire l&#8217;impact n\u00e9gatif des transports sur l&#8217;environnement? Voyager implique de se d\u00e9placer, ce qui n\u00e9cessite des moyens de transport. Malheureusement, les transports contribuent \u00e0 la pollution de l&#8217;air par le bruit, le smog, les embouteillages, les accidents et l&#8217;\u00e9mission de particules fines, qui sont parmi les menaces les [&hellip;]","og_url":"https:\/\/www.terravision.eu\/francese\/voyager-vert-avec-terravision.html","og_site_name":"Terravision France","article_modified_time":"2024-10-10T09:02:08+00:00","og_image":[{"url":"https:\/\/www.terravision.eu\/italiano\/files\/2023\/04\/Protect-Environment_canva.png","type":"","width":"","height":""}],"twitter_misc":{"Dur\u00e9e de lecture estim\u00e9e":"1 minute"},"schema":{"@context":"https:\/\/schema.org","@graph":[{"@type":"WebPage","@id":"https:\/\/www.terravision.eu\/francese\/voyager-vert-avec-terravision.html","url":"https:\/\/www.terravision.eu\/francese\/voyager-vert-avec-terravision.html","name":"Voyager vert avec Terravision | Terravision France","isPartOf":{"@id":"https:\/\/www.terravision.eu\/francese\/#website"},"primaryImageOfPage":{"@id":"https:\/\/www.terravision.eu\/francese\/voyager-vert-avec-terravision.html#primaryimage"},"image":{"@id":"https:\/\/www.terravision.eu\/francese\/voyager-vert-avec-terravision.html#primaryimage"},"thumbnailUrl":"https:\/\/www.terravision.eu\/italiano\/files\/2023\/04\/Protect-Environment_canva.png","datePublished":"2024-10-03T13:03:08+00:00","dateModified":"2024-10-10T09:02:08+00:00","breadcrumb":{"@id":"https:\/\/www.terravision.eu\/francese\/voyager-vert-avec-terravision.html#breadcrumb"},"inLanguage":"fr-FR","potentialAction":[{"@type":"ReadAction","target":["https:\/\/www.terravision.eu\/francese\/voyager-vert-avec-terravision.html"]}]},{"@type":"ImageObject","inLanguage":"fr-FR","@id":"https:\/\/www.terravision.eu\/francese\/voyager-vert-avec-terravision.html#primaryimage","url":"https:\/\/www.terravision.eu\/italiano\/files\/2023\/04\/Protect-Environment_canva.png","contentUrl":"https:\/\/www.terravision.eu\/italiano\/files\/2023\/04\/Protect-Environment_canva.png"},{"@type":"BreadcrumbList","@id":"https:\/\/www.terravision.eu\/francese\/voyager-vert-avec-terravision.html#breadcrumb","itemListElement":[{"@type":"ListItem","position":1,"name":"Home","item":"https:\/\/www.terravision.eu\/francese\/"},{"@type":"ListItem","position":2,"name":"Voyager vert avec Terravision"}]},{"@type":"WebSite","@id":"https:\/\/www.terravision.eu\/francese\/#website","url":"https:\/\/www.terravision.eu\/francese\/","name":"Terravision France","description":"Liaisons low-cost vers\/depuis les grands a\u00e9roports europ\u00e9ens","potentialAction":[{"@type":"SearchAction","target":{"@type":"EntryPoint","urlTemplate":"https:\/\/www.terravision.eu\/francese\/?s={search_term_string}"},"query-input":{"@type":"PropertyValueSpecification","valueRequired":true,"valueName":"search_term_string"}}],"inLanguage":"fr-FR"}]}},"_links":{"self":[{"href":"https:\/\/www.terravision.eu\/francese\/wp-json\/wp\/v2\/pages\/13904","targetHints":{"allow":["GET"]}}],"collection":[{"href":"https:\/\/www.terravision.eu\/francese\/wp-json\/wp\/v2\/pages"}],"about":[{"href":"https:\/\/www.terravision.eu\/francese\/wp-json\/wp\/v2\/types\/page"}],"author":[{"embeddable":true,"href":"https:\/\/www.terravision.eu\/francese\/wp-json\/wp\/v2\/users\/135"}],"replies":[{"embeddable":true,"href":"https:\/\/www.terravision.eu\/francese\/wp-json\/wp\/v2\/comments?post=13904"}],"version-history":[{"count":2,"href":"https:\/\/www.terravision.eu\/francese\/wp-json\/wp\/v2\/pages\/13904\/revisions"}],"predecessor-version":[{"id":13919,"href":"https:\/\/www.terravision.eu\/francese\/wp-json\/wp\/v2\/pages\/13904\/revisions\/13919"}],"wp:attachment":[{"href":"https:\/\/www.terravision.eu\/francese\/wp-json\/wp\/v2\/media?parent=13904"}],"curies":[{"name":"wp","href":"https:\/\/api.w.org\/{rel}","templated":true}]}}