{"id":6450,"date":"2012-10-19T10:08:19","date_gmt":"2012-10-19T10:08:19","guid":{"rendered":"https:\/\/www.terravision.eu\/francese\/?page_id=6450"},"modified":"2025-03-18T03:19:25","modified_gmt":"2025-03-18T03:19:25","slug":"programme-daffiliation-terravision","status":"publish","type":"page","link":"https:\/\/www.terravision.eu\/francese\/programme-daffiliation-terravision.html","title":{"rendered":"Programme d&#8217;Affiliation Terravision"},"content":{"rendered":"<div class=\"bg-tertiary-trv p-trv-1\">\n<div class=\"container text-standard\">\n<div class=\"row\" style=\"height: 100%;\">\n<div class=\"col align-self-center pl-30 pr-0 pl-m-0\">\n<div class=\"overflow-hidden\">\n<div class=\"separator-trv-n z-index-1 p-relative mb-10\"><\/div>\n<div class=\"d-flex\" style=\"gap: 23px; margin-bottom: 30px;\">\n<h3 class=\"h3-Barlow-36pt-3\" style=\"margin-bottom: 0;\">Perch\u00e8 diventare un affiliate Terravision?<\/h3>\n<\/div>\n<\/div>\n<\/div>\n<\/div>\n<div class=\"row\" style=\"height: 100%;\">\n<div class=\"col align-self-center pl-30 pr-0 pl-m-0\">\n<div class=\"overflow-hidden column-trv-2-1\">\n<div class=\"grid-list-icon\" style=\"gap: 23px; margin-bottom: 30px;\">\n<p><img decoding=\"async\" src=\"http:\/\/localhost:8084\/assets\/images\/icons\/icon-check-list.svg\" \/><\/p>\n<p class=\"h5-Barlow-22pt\" style=\"margin-bottom: 0;\">\u00c8 gratis!<\/p>\n<\/div>\n<div class=\"grid-list-icon\" style=\"gap: 23px; margin-bottom: 30px;\">\n<p><img decoding=\"async\" src=\"http:\/\/localhost:8084\/assets\/images\/icons\/icon-check-list.svg\" \/><\/p>\n<p class=\"h5-Barlow-22pt\" style=\"margin-bottom: 0;\">Offriamo una commissione attraente: 8%<\/p>\n<\/div>\n<div class=\"grid-list-icon\" style=\"gap: 23px; margin-bottom: 30px;\">\n<p><img decoding=\"async\" src=\"http:\/\/localhost:8084\/assets\/images\/icons\/icon-check-list.svg\" \/><\/p>\n<p class=\"h5-Barlow-22pt\" style=\"margin-bottom: 0;\">La nostra piattaforma \u00e8 facile da usare<\/p>\n<\/div>\n<div class=\"grid-list-icon\" style=\"gap: 23px; margin-bottom: 30px;\">\n<p><img decoding=\"async\" src=\"http:\/\/localhost:8084\/assets\/images\/icons\/icon-check-list.svg\" \/><\/p>\n<p class=\"h5-Barlow-22pt\" style=\"margin-bottom: 0;\">Accesso alle statistiche online<\/p>\n<\/div>\n<div class=\"grid-list-icon\" style=\"gap: 23px; margin-bottom: 30px;\">\n<p><img decoding=\"async\" src=\"http:\/\/localhost:8084\/assets\/images\/icons\/icon-check-list.svg\" \/><\/p>\n<p class=\"h5-Barlow-22pt\" style=\"margin-bottom: 0;\">Mettiamo a disposizione immagini, testi, text link, widget e altri strumenti da inserire sul sito web. Tutti gli strumenti sono disponibili in lingua inglese, tedesca, francese, italiana, spagnola e polacca.<\/p>\n<\/div>\n<div class=\"grid-list-icon\" style=\"gap: 23px; margin-bottom: 30px;\">\n<p><img decoding=\"async\" src=\"http:\/\/localhost:8084\/assets\/images\/icons\/icon-check-list.svg\" \/><\/p>\n<p class=\"h5-Barlow-22pt\" style=\"margin-bottom: 0;\">Assistenza quotidiana da parte del nostro team<\/p>\n<\/div>\n<\/div>\n<\/div>\n<\/div>\n<\/div>\n<\/div>\n<div class=\"bg-light p-trv-1\">\n<div class=\"container text-standard\">\n<div class=\"row pb-60\" style=\"height: 100%;\">\n<div class=\"col align-self-center pl-30 pr-0 pl-m-0\">\n<div class=\"overflow-hidden\">\n<div class=\"separator-trv-n z-index-1 p-relative mb-10\"><\/div>\n<div class=\"d-flex\" style=\"gap: 23px; margin-bottom: 30px;\">\n<h3 class=\"h3-Barlow-36pt-3\" style=\"margin-bottom: 0;\">Come funziona?<\/h3>\n<\/div>\n<p class=\"text-standard\">Una volta effettuata e accettata la registrazione ricevi una email di conferma dal nostro sistema contenente i dati necessari per effettuare il login e accedere alla Piattaforma di Affiliazione di Terravision. Ora puoi accedere al tuo account e scaricare i codici di banner e text link da inserire sul tuo sito. Guadagni sugli acquisti effettuati dagli utenti provenienti dal tuo sito in modo semplice e veloce! Per qualsiasi domanda invitiamo a contattarci scrivendo a <a href=\"mailto=affiliation@terravision.eu\">affiliation@terravision.eu<\/a><\/p>\n<p><a class=\"btn btn-primary-trv z-index-1 position-relative mt-25\" href=\"#\">Registrati come affiliato<\/a><\/p>\n<p>&nbsp;<\/p>\n<\/div>\n<\/div>\n<\/div>\n<div class=\"row gap-30\">\n<div class=\"col p-0 text-center\">\n<p><img decoding=\"async\" src=\"http:\/\/localhost:8084\/assets\/images\/icons\/icon-portal.svg\" \/><\/p>\n<h5 class=\"text-uppercase h5-Barlow-22pt-5\">Pubblicizza i servizi terravision sul tuo sito<\/h5>\n<\/div>\n<div class=\"col p-0 text-center\">\n<p><img decoding=\"async\" src=\"http:\/\/localhost:8084\/assets\/images\/icons\/icon-portal-click.svg\" \/><\/p>\n<h5 class=\"text-uppercase h5-Barlow-22pt-5\">Gli utenti cliccano sul tuo banner e acquistano i servizi terravision<\/h5>\n<\/div>\n<div class=\"col p-0 text-center\">\n<p><img decoding=\"async\" src=\"http:\/\/localhost:8084\/assets\/images\/icons\/icon-percentage.svg\" \/><\/p>\n<h5 class=\"text-uppercase h5-Barlow-22pt-5\">guadagna l\u20198% sulle vendite<\/h5>\n<\/div>\n<\/div>\n<\/div>\n<\/div>\n","protected":false},"excerpt":{"rendered":"<p>Perch\u00e8 diventare un affiliate Terravision? \u00c8 gratis! Offriamo una commissione attraente: 8% La nostra piattaforma \u00e8 facile da usare Accesso alle statistiche online Mettiamo a disposizione immagini, testi, text link, widget e altri strumenti da inserire sul sito web. Tutti gli strumenti sono disponibili in lingua inglese, tedesca, francese, italiana, spagnola e polacca. Assistenza quotidiana [&hellip;]<\/p>\n","protected":false},"author":1,"featured_media":0,"parent":0,"menu_order":0,"comment_status":"open","ping_status":"open","template":"","meta":{"footnotes":""},"class_list":["post-6450","page","type-page","status-publish","hentry"],"yoast_head":"<!-- This site is optimized with the Yoast SEO Premium plugin v24.4 (Yoast SEO v24.4) - https:\/\/yoast.com\/wordpress\/plugins\/seo\/ -->\n<title>Programme d&#039;Affiliation Terravision | Terravision France<\/title>\n<meta name=\"robots\" content=\"index, follow, max-snippet:-1, max-image-preview:large, max-video-preview:-1\" \/>\n<link rel=\"canonical\" href=\"https:\/\/www.terravision.eu\/francese\/programme-daffiliation-terravision.html\" \/>\n<meta property=\"og:locale\" content=\"fr_FR\" \/>\n<meta property=\"og:type\" content=\"article\" \/>\n<meta property=\"og:title\" content=\"Programme d&#039;Affiliation Terravision\" \/>\n<meta property=\"og:description\" content=\"Perch\u00e8 diventare un affiliate Terravision? \u00c8 gratis! Offriamo una commissione attraente: 8% La nostra piattaforma \u00e8 facile da usare Accesso alle statistiche online Mettiamo a disposizione immagini, testi, text link, widget e altri strumenti da inserire sul sito web. Tutti gli strumenti sono disponibili in lingua inglese, tedesca, francese, italiana, spagnola e polacca. Assistenza quotidiana [&hellip;]\" \/>\n<meta property=\"og:url\" content=\"https:\/\/www.terravision.eu\/francese\/programme-daffiliation-terravision.html\" \/>\n<meta property=\"og:site_name\" content=\"Terravision France\" \/>\n<meta property=\"article:modified_time\" content=\"2025-03-18T03:19:25+00:00\" \/>\n<meta property=\"og:image\" content=\"http:\/\/localhost:8084\/assets\/images\/icons\/icon-check-list.svg\" \/>\n<meta name=\"twitter:label1\" content=\"Dur\u00e9e de lecture estim\u00e9e\" \/>\n\t<meta name=\"twitter:data1\" content=\"3 minutes\" \/>\n<script type=\"application\/ld+json\" class=\"yoast-schema-graph\">{\"@context\":\"https:\/\/schema.org\",\"@graph\":[{\"@type\":\"WebPage\",\"@id\":\"https:\/\/www.terravision.eu\/francese\/programme-daffiliation-terravision.html\",\"url\":\"https:\/\/www.terravision.eu\/francese\/programme-daffiliation-terravision.html\",\"name\":\"Programme d'Affiliation Terravision | Terravision France\",\"isPartOf\":{\"@id\":\"https:\/\/www.terravision.eu\/francese\/#website\"},\"primaryImageOfPage\":{\"@id\":\"https:\/\/www.terravision.eu\/francese\/programme-daffiliation-terravision.html#primaryimage\"},\"image\":{\"@id\":\"https:\/\/www.terravision.eu\/francese\/programme-daffiliation-terravision.html#primaryimage\"},\"thumbnailUrl\":\"http:\/\/localhost:8084\/assets\/images\/icons\/icon-check-list.svg\",\"datePublished\":\"2012-10-19T10:08:19+00:00\",\"dateModified\":\"2025-03-18T03:19:25+00:00\",\"breadcrumb\":{\"@id\":\"https:\/\/www.terravision.eu\/francese\/programme-daffiliation-terravision.html#breadcrumb\"},\"inLanguage\":\"fr-FR\",\"potentialAction\":[{\"@type\":\"ReadAction\",\"target\":[\"https:\/\/www.terravision.eu\/francese\/programme-daffiliation-terravision.html\"]}]},{\"@type\":\"ImageObject\",\"inLanguage\":\"fr-FR\",\"@id\":\"https:\/\/www.terravision.eu\/francese\/programme-daffiliation-terravision.html#primaryimage\",\"url\":\"http:\/\/localhost:8084\/assets\/images\/icons\/icon-check-list.svg\",\"contentUrl\":\"http:\/\/localhost:8084\/assets\/images\/icons\/icon-check-list.svg\"},{\"@type\":\"BreadcrumbList\",\"@id\":\"https:\/\/www.terravision.eu\/francese\/programme-daffiliation-terravision.html#breadcrumb\",\"itemListElement\":[{\"@type\":\"ListItem\",\"position\":1,\"name\":\"Home\",\"item\":\"https:\/\/www.terravision.eu\/francese\/\"},{\"@type\":\"ListItem\",\"position\":2,\"name\":\"Programme d&#8217;Affiliation Terravision\"}]},{\"@type\":\"WebSite\",\"@id\":\"https:\/\/www.terravision.eu\/francese\/#website\",\"url\":\"https:\/\/www.terravision.eu\/francese\/\",\"name\":\"Terravision France\",\"description\":\"Liaisons low-cost vers\/depuis les grands a\u00e9roports europ\u00e9ens\",\"potentialAction\":[{\"@type\":\"SearchAction\",\"target\":{\"@type\":\"EntryPoint\",\"urlTemplate\":\"https:\/\/www.terravision.eu\/francese\/?s={search_term_string}\"},\"query-input\":{\"@type\":\"PropertyValueSpecification\",\"valueRequired\":true,\"valueName\":\"search_term_string\"}}],\"inLanguage\":\"fr-FR\"}]}<\/script>\n<!-- \/ Yoast SEO Premium plugin. -->","yoast_head_json":{"title":"Programme d'Affiliation Terravision | Terravision France","robots":{"index":"index","follow":"follow","max-snippet":"max-snippet:-1","max-image-preview":"max-image-preview:large","max-video-preview":"max-video-preview:-1"},"canonical":"https:\/\/www.terravision.eu\/francese\/programme-daffiliation-terravision.html","og_locale":"fr_FR","og_type":"article","og_title":"Programme d'Affiliation Terravision","og_description":"Perch\u00e8 diventare un affiliate Terravision? \u00c8 gratis! Offriamo una commissione attraente: 8% La nostra piattaforma \u00e8 facile da usare Accesso alle statistiche online Mettiamo a disposizione immagini, testi, text link, widget e altri strumenti da inserire sul sito web. Tutti gli strumenti sono disponibili in lingua inglese, tedesca, francese, italiana, spagnola e polacca. Assistenza quotidiana [&hellip;]","og_url":"https:\/\/www.terravision.eu\/francese\/programme-daffiliation-terravision.html","og_site_name":"Terravision France","article_modified_time":"2025-03-18T03:19:25+00:00","og_image":[{"url":"http:\/\/localhost:8084\/assets\/images\/icons\/icon-check-list.svg","type":"","width":"","height":""}],"twitter_misc":{"Dur\u00e9e de lecture estim\u00e9e":"3 minutes"},"schema":{"@context":"https:\/\/schema.org","@graph":[{"@type":"WebPage","@id":"https:\/\/www.terravision.eu\/francese\/programme-daffiliation-terravision.html","url":"https:\/\/www.terravision.eu\/francese\/programme-daffiliation-terravision.html","name":"Programme d'Affiliation Terravision | Terravision France","isPartOf":{"@id":"https:\/\/www.terravision.eu\/francese\/#website"},"primaryImageOfPage":{"@id":"https:\/\/www.terravision.eu\/francese\/programme-daffiliation-terravision.html#primaryimage"},"image":{"@id":"https:\/\/www.terravision.eu\/francese\/programme-daffiliation-terravision.html#primaryimage"},"thumbnailUrl":"http:\/\/localhost:8084\/assets\/images\/icons\/icon-check-list.svg","datePublished":"2012-10-19T10:08:19+00:00","dateModified":"2025-03-18T03:19:25+00:00","breadcrumb":{"@id":"https:\/\/www.terravision.eu\/francese\/programme-daffiliation-terravision.html#breadcrumb"},"inLanguage":"fr-FR","potentialAction":[{"@type":"ReadAction","target":["https:\/\/www.terravision.eu\/francese\/programme-daffiliation-terravision.html"]}]},{"@type":"ImageObject","inLanguage":"fr-FR","@id":"https:\/\/www.terravision.eu\/francese\/programme-daffiliation-terravision.html#primaryimage","url":"http:\/\/localhost:8084\/assets\/images\/icons\/icon-check-list.svg","contentUrl":"http:\/\/localhost:8084\/assets\/images\/icons\/icon-check-list.svg"},{"@type":"BreadcrumbList","@id":"https:\/\/www.terravision.eu\/francese\/programme-daffiliation-terravision.html#breadcrumb","itemListElement":[{"@type":"ListItem","position":1,"name":"Home","item":"https:\/\/www.terravision.eu\/francese\/"},{"@type":"ListItem","position":2,"name":"Programme d&#8217;Affiliation Terravision"}]},{"@type":"WebSite","@id":"https:\/\/www.terravision.eu\/francese\/#website","url":"https:\/\/www.terravision.eu\/francese\/","name":"Terravision France","description":"Liaisons low-cost vers\/depuis les grands a\u00e9roports europ\u00e9ens","potentialAction":[{"@type":"SearchAction","target":{"@type":"EntryPoint","urlTemplate":"https:\/\/www.terravision.eu\/francese\/?s={search_term_string}"},"query-input":{"@type":"PropertyValueSpecification","valueRequired":true,"valueName":"search_term_string"}}],"inLanguage":"fr-FR"}]}},"_links":{"self":[{"href":"https:\/\/www.terravision.eu\/francese\/wp-json\/wp\/v2\/pages\/6450","targetHints":{"allow":["GET"]}}],"collection":[{"href":"https:\/\/www.terravision.eu\/francese\/wp-json\/wp\/v2\/pages"}],"about":[{"href":"https:\/\/www.terravision.eu\/francese\/wp-json\/wp\/v2\/types\/page"}],"author":[{"embeddable":true,"href":"https:\/\/www.terravision.eu\/francese\/wp-json\/wp\/v2\/users\/1"}],"replies":[{"embeddable":true,"href":"https:\/\/www.terravision.eu\/francese\/wp-json\/wp\/v2\/comments?post=6450"}],"version-history":[{"count":6,"href":"https:\/\/www.terravision.eu\/francese\/wp-json\/wp\/v2\/pages\/6450\/revisions"}],"predecessor-version":[{"id":14191,"href":"https:\/\/www.terravision.eu\/francese\/wp-json\/wp\/v2\/pages\/6450\/revisions\/14191"}],"wp:attachment":[{"href":"https:\/\/www.terravision.eu\/francese\/wp-json\/wp\/v2\/media?parent=6450"}],"curies":[{"name":"wp","href":"https:\/\/api.w.org\/{rel}","templated":true}]}}