{"id":8811,"date":"2013-10-09T16:54:40","date_gmt":"2013-10-09T16:54:40","guid":{"rendered":"https:\/\/www.terravision.eu\/francese\/?page_id=8811"},"modified":"2013-10-09T16:54:40","modified_gmt":"2013-10-09T16:54:40","slug":"visites-nocturnes-du-vatican","status":"publish","type":"page","link":"https:\/\/www.terravision.eu\/francese\/city-tours-en-europe\/orpnet\/visites-nocturnes-du-vatican.html","title":{"rendered":"Visiter le Vatican (nocturne)"},"content":{"rendered":"<div class=\"title-right\"><span class=\"price\">27<\/span><span class=\"valuta\">.50\u20ac<\/span><span class=\"best-seller\">Best Seller!<\/span><\/div>\n<h2> Tour nocturnes du Vatican <\/h2>\n<p>Tous les vendredis \u00e0 partir de Septembre 6th to 25th Octobre.<br \/>\nLa visite comprend un acc\u00e8s direct aux Mus\u00e9es du Vatican et \u00e0 la Chapelle Sixtine, la visite de la Basilique Saint Jean de Latran, avec guide audio et un service de navette entre Saint Pierre et Saint Jean de Latran.<\/p>\n<div class=\"collapse tour-info collapsed\">\n<h2 class=\"title\">Visites nocturnes du Vatican: Infos<\/h2>\n<p><strong>Dates disponibles<\/strong>: tous les vendredis<br \/>\n<strong>Point de rencontre<\/strong>: Bureaux ORP \u00e0 St Pierre ou \u00e0 St Jean (San Giovanni)\u00e0 19h00 ou de 20h00.<br \/>\n<strong>Premier d\u00e9part:<\/strong>: 19h00<br \/>\n<strong>Langues disponibles<\/strong>: <\/p>\n<ul class=\"flags\">\n<li class=\"gb\"><\/li>\n<li class=\"es\"><\/li>\n<li class=\"de\"><\/li>\n<li class=\"it\"><\/li>\n<li class=\"fr\"><\/li>\n<\/ul>\n<p><strong>Inclus:<\/strong>: <\/p>\n<ul>\n<li>Acc\u00e8s direct aux Mus\u00e9es du Vatican et \u00e0 la Chapelle Sixtine<\/li>\n<li>La visite de la Basilique Saint Jean de Latran, avec guide audio et un service de navette entre Saint Pierre et Saint Jean de Latran.<\/li>\n<\/ul>\n<p><strong>Itin\u00e9raire<\/strong><\/p>\n<ul>\n<li>Cour de la Pinoth\u00e8que et de la Pigne,\n<li>Mus\u00e9e Gregorien,\n<li>Mus\u00e9e Pio Clementino,\n<li>Galerie de la biblioth\u00e8que,\n<li>Appartement Borgia avec acc\u00e8s limit\u00e9 aux pi\u00e8ces I, III, IV, XIII, XXVIII, la pi\u00e8ce de Rafael et les galeries sup\u00e9rieures.\n<\/div>\n<div class=\"collapse tour-info\">\n<h2 class=\"title\">Visites nocturnes du Vatican: Prix<\/h2>\n<p><strong>Adultes<\/strong> : 27.50 \u20ac<br \/>\n<strong>Enfants(6-18 ans)<\/strong> : 19.50 \u20ac<br \/>\n<strong>Enfants (0-6 ans)<\/strong> : Gratuit<br \/>\n<strong>Supplement guide audio<\/strong> : 7 \u20ac<br \/>\nMerci de s\u00e9lectionner &#8220;B\u00e9b\u00e9&#8221; pour toute r\u00e9servation pour enfant de moins de 6 ans.<\/div>\n<div class=\"collapse tour-info\">\n<h2 class=\"title\">Comment r\u00e9server vos billets:<\/h2>\n<p><strong>1<\/strong>-R\u00e9servez votre City Tour avec Terravision. <\/p>\n<p><strong>2<\/strong>-Imprimez votre coupon<\/p>\n<p><strong>3<\/strong>-Echangez votre coupon dans les endroits suivants (3 options): <\/p>\n<ul>\n<li>&#8211; Echangez le coupon au point de rencontre indiqu\u00e9 pour le tour choisi<br \/>\nNB. Mus\u00e9es du Vatican et basiliques: merci de vous pr\u00e9senter au point de rencontre 15 min avant le d\u00e9but de la visite<\/li>\n<li>&#8211; Echangez le coupon \u00e0 tout point de rencontre ORP. <\/li>\n<li>&#8211; Echangez le coupon \u00e0 bord des Open Bus Roma Cristiana.<\/li>\n<\/ul>\n<p><strong>4<\/strong>-Bonne visite!\n<\/div>\n<div class=\"collapse tour-info\">\n<h2 class=\"title\">O\u00f9 \u00e9changer le coupon:<\/h2>\n<p><strong>O.R.P. &#8211; Saint Pierre<\/strong> P.za Pio XII, 9<\/p>\n<ul>\n<li>horaires: 9h00 &#8211; 18h00 (Lundi-Vendredi); 9h00 &#8211; 16h00 (Weekend)<\/li>\n<\/ul>\n<p><strong>O.R.P. au palais du vicariat<\/strong> Via della Pigna 13\/a (Zone Largo Argentina)<\/p>\n<ul>\n<li>horaires: 9h00 &#8211; 13h00; 2h30 &#8211; 18h00 (Lundi &#8211; Vendredi)<\/li>\n<\/ul>\n<p><strong>O.R.P. &#8211; St Jean de Latran, \u00e0 l&#8217;int\u00e9rieur du palais du Latran <\/strong> Piazza di Porta S. Giovanni, 6<\/p>\n<ul>\n<li>horaires: 9h00 &#8211; 13h00; 14h30 &#8211; 18h00 (Lundi &#8211; Vendredi)<\/li>\n<\/ul>\n<p><strong>Roma Cristiana Forum Imperial point de rencontre \u00e0 la Prison de Saint Pierre<\/strong> Clivo Argentario, 1<\/p>\n<ul>\n<li>horaires: 9h00 &#8211; 16h20 (Lundi &#8211; Dimanche)<\/li>\n<\/ul>\n<p><strong>A bord des Open Bus Roma Cristiana<\/strong><\/div>\n<div class=\"collapse tour-info\">\n<h2 class=\"title\">Contacts<\/h2>\n<p><strong>En partenariat avec Opera Romana Pellegrinaggi<\/strong><br \/>\nHoraires: de 9h00 \u00e0 18h00 du lundi au vendredi<br \/>\nTel: +39 06698961<br \/>\nEmail: info@operaromanapellegrinaggi.org<\/p>\n<p><strong>Contacts Terravision<\/strong><br \/>\nDu lundi au samedi de 9h00 \u00e0 18h00 : +39 06.97.61.06.32<br \/>\nRejoignez-nous sur <a href=\"http:\/\/www.facebook.com\/terravision.eu\" title=\"Terravision on Facebook\" target=\"_blank\">Facebook<\/a>, <a href=\"http:\/\/www.twitter.com\/terravision.eu\" title=\"Terravision on Twitter\" target=\"_blank\">Twitter<\/a>, <a href=\"https:\/\/www.google.com\/+terravision\" title=\"Terravision on Google+\" target=\"_blank\">Google+<\/a> or <a href=\"http:\/\/pinterest.com\/terravisiongp\/\" title=\"Terravision on Pinterest\" target=\"_blank\">Pinterest<\/a> pour plus d&#8217;infos!<\/div>\n<\/div>\n","protected":false},"excerpt":{"rendered":"<p>27.50\u20acBest Seller! Tour nocturnes du Vatican Tous les vendredis \u00e0 partir de Septembre 6th to 25th Octobre. La visite comprend un acc\u00e8s direct aux Mus\u00e9es du Vatican et \u00e0 la Chapelle Sixtine, la visite de la Basilique Saint Jean de Latran, avec guide audio et un service de navette entre Saint Pierre et Saint Jean [&hellip;]<\/p>\n","protected":false},"author":1,"featured_media":0,"parent":120,"menu_order":0,"comment_status":"open","ping_status":"open","template":"page-citytour.php","meta":{"footnotes":""},"class_list":["post-8811","page","type-page","status-publish","hentry"],"yoast_head":"<!-- This site is optimized with the Yoast SEO Premium plugin v24.4 (Yoast SEO v24.4) - https:\/\/yoast.com\/wordpress\/plugins\/seo\/ -->\n<title>Visiter le Vatican - Tour nocturnes du Vatican | Terravision<\/title>\n<meta name=\"description\" content=\"Visiter le Vatican - Tour nocturnes du Vatican - D\u00e9couvrez les Mus\u00e9es du Vatican et \u00e0 la Chapelle Sixtine. Pr\u00e9notez online!\" \/>\n<meta name=\"robots\" content=\"index, follow, max-snippet:-1, max-image-preview:large, max-video-preview:-1\" \/>\n<link rel=\"canonical\" href=\"https:\/\/www.terravision.eu\/francese\/city-tours-en-europe\/orpnet\/visites-nocturnes-du-vatican.html\" \/>\n<meta property=\"og:locale\" content=\"fr_FR\" \/>\n<meta property=\"og:type\" content=\"article\" \/>\n<meta property=\"og:title\" content=\"Visiter le Vatican (nocturne)\" \/>\n<meta property=\"og:description\" content=\"Visiter le Vatican - Tour nocturnes du Vatican - D\u00e9couvrez les Mus\u00e9es du Vatican et \u00e0 la Chapelle Sixtine. Pr\u00e9notez online!\" \/>\n<meta property=\"og:url\" content=\"https:\/\/www.terravision.eu\/francese\/city-tours-en-europe\/orpnet\/visites-nocturnes-du-vatican.html\" \/>\n<meta property=\"og:site_name\" content=\"Terravision France\" \/>\n<meta name=\"twitter:label1\" content=\"Dur\u00e9e de lecture estim\u00e9e\" \/>\n\t<meta name=\"twitter:data1\" content=\"2 minutes\" \/>\n<script type=\"application\/ld+json\" class=\"yoast-schema-graph\">{\"@context\":\"https:\/\/schema.org\",\"@graph\":[{\"@type\":\"WebPage\",\"@id\":\"https:\/\/www.terravision.eu\/francese\/city-tours-en-europe\/orpnet\/visites-nocturnes-du-vatican.html\",\"url\":\"https:\/\/www.terravision.eu\/francese\/city-tours-en-europe\/orpnet\/visites-nocturnes-du-vatican.html\",\"name\":\"Visiter le Vatican - Tour nocturnes du Vatican | Terravision\",\"isPartOf\":{\"@id\":\"https:\/\/www.terravision.eu\/francese\/#website\"},\"datePublished\":\"2013-10-09T16:54:40+00:00\",\"description\":\"Visiter le Vatican - Tour nocturnes du Vatican - D\u00e9couvrez les Mus\u00e9es du Vatican et \u00e0 la Chapelle Sixtine. Pr\u00e9notez online!\",\"breadcrumb\":{\"@id\":\"https:\/\/www.terravision.eu\/francese\/city-tours-en-europe\/orpnet\/visites-nocturnes-du-vatican.html#breadcrumb\"},\"inLanguage\":\"fr-FR\",\"potentialAction\":[{\"@type\":\"ReadAction\",\"target\":[\"https:\/\/www.terravision.eu\/francese\/city-tours-en-europe\/orpnet\/visites-nocturnes-du-vatican.html\"]}]},{\"@type\":\"BreadcrumbList\",\"@id\":\"https:\/\/www.terravision.eu\/francese\/city-tours-en-europe\/orpnet\/visites-nocturnes-du-vatican.html#breadcrumb\",\"itemListElement\":[{\"@type\":\"ListItem\",\"position\":1,\"name\":\"Home\",\"item\":\"https:\/\/www.terravision.eu\/francese\/\"},{\"@type\":\"ListItem\",\"position\":2,\"name\":\"City Tours en Europe\",\"item\":\"https:\/\/www.terravision.eu\/francese\/city-tours-en-europe.html\"},{\"@type\":\"ListItem\",\"position\":3,\"name\":\"City Tours de Rome\",\"item\":\"https:\/\/www.terravision.eu\/francese\/city-tours-en-europe\/orpnet.html\"},{\"@type\":\"ListItem\",\"position\":4,\"name\":\"Visiter le Vatican (nocturne)\"}]},{\"@type\":\"WebSite\",\"@id\":\"https:\/\/www.terravision.eu\/francese\/#website\",\"url\":\"https:\/\/www.terravision.eu\/francese\/\",\"name\":\"Terravision France\",\"description\":\"Liaisons low-cost vers\/depuis les grands a\u00e9roports europ\u00e9ens\",\"potentialAction\":[{\"@type\":\"SearchAction\",\"target\":{\"@type\":\"EntryPoint\",\"urlTemplate\":\"https:\/\/www.terravision.eu\/francese\/?s={search_term_string}\"},\"query-input\":{\"@type\":\"PropertyValueSpecification\",\"valueRequired\":true,\"valueName\":\"search_term_string\"}}],\"inLanguage\":\"fr-FR\"}]}<\/script>\n<!-- \/ Yoast SEO Premium plugin. -->","yoast_head_json":{"title":"Visiter le Vatican - Tour nocturnes du Vatican | Terravision","description":"Visiter le Vatican - Tour nocturnes du Vatican - D\u00e9couvrez les Mus\u00e9es du Vatican et \u00e0 la Chapelle Sixtine. Pr\u00e9notez online!","robots":{"index":"index","follow":"follow","max-snippet":"max-snippet:-1","max-image-preview":"max-image-preview:large","max-video-preview":"max-video-preview:-1"},"canonical":"https:\/\/www.terravision.eu\/francese\/city-tours-en-europe\/orpnet\/visites-nocturnes-du-vatican.html","og_locale":"fr_FR","og_type":"article","og_title":"Visiter le Vatican (nocturne)","og_description":"Visiter le Vatican - Tour nocturnes du Vatican - D\u00e9couvrez les Mus\u00e9es du Vatican et \u00e0 la Chapelle Sixtine. Pr\u00e9notez online!","og_url":"https:\/\/www.terravision.eu\/francese\/city-tours-en-europe\/orpnet\/visites-nocturnes-du-vatican.html","og_site_name":"Terravision France","twitter_misc":{"Dur\u00e9e de lecture estim\u00e9e":"2 minutes"},"schema":{"@context":"https:\/\/schema.org","@graph":[{"@type":"WebPage","@id":"https:\/\/www.terravision.eu\/francese\/city-tours-en-europe\/orpnet\/visites-nocturnes-du-vatican.html","url":"https:\/\/www.terravision.eu\/francese\/city-tours-en-europe\/orpnet\/visites-nocturnes-du-vatican.html","name":"Visiter le Vatican - Tour nocturnes du Vatican | Terravision","isPartOf":{"@id":"https:\/\/www.terravision.eu\/francese\/#website"},"datePublished":"2013-10-09T16:54:40+00:00","description":"Visiter le Vatican - Tour nocturnes du Vatican - D\u00e9couvrez les Mus\u00e9es du Vatican et \u00e0 la Chapelle Sixtine. Pr\u00e9notez online!","breadcrumb":{"@id":"https:\/\/www.terravision.eu\/francese\/city-tours-en-europe\/orpnet\/visites-nocturnes-du-vatican.html#breadcrumb"},"inLanguage":"fr-FR","potentialAction":[{"@type":"ReadAction","target":["https:\/\/www.terravision.eu\/francese\/city-tours-en-europe\/orpnet\/visites-nocturnes-du-vatican.html"]}]},{"@type":"BreadcrumbList","@id":"https:\/\/www.terravision.eu\/francese\/city-tours-en-europe\/orpnet\/visites-nocturnes-du-vatican.html#breadcrumb","itemListElement":[{"@type":"ListItem","position":1,"name":"Home","item":"https:\/\/www.terravision.eu\/francese\/"},{"@type":"ListItem","position":2,"name":"City Tours en Europe","item":"https:\/\/www.terravision.eu\/francese\/city-tours-en-europe.html"},{"@type":"ListItem","position":3,"name":"City Tours de Rome","item":"https:\/\/www.terravision.eu\/francese\/city-tours-en-europe\/orpnet.html"},{"@type":"ListItem","position":4,"name":"Visiter le Vatican (nocturne)"}]},{"@type":"WebSite","@id":"https:\/\/www.terravision.eu\/francese\/#website","url":"https:\/\/www.terravision.eu\/francese\/","name":"Terravision France","description":"Liaisons low-cost vers\/depuis les grands a\u00e9roports europ\u00e9ens","potentialAction":[{"@type":"SearchAction","target":{"@type":"EntryPoint","urlTemplate":"https:\/\/www.terravision.eu\/francese\/?s={search_term_string}"},"query-input":{"@type":"PropertyValueSpecification","valueRequired":true,"valueName":"search_term_string"}}],"inLanguage":"fr-FR"}]}},"_links":{"self":[{"href":"https:\/\/www.terravision.eu\/francese\/wp-json\/wp\/v2\/pages\/8811","targetHints":{"allow":["GET"]}}],"collection":[{"href":"https:\/\/www.terravision.eu\/francese\/wp-json\/wp\/v2\/pages"}],"about":[{"href":"https:\/\/www.terravision.eu\/francese\/wp-json\/wp\/v2\/types\/page"}],"author":[{"embeddable":true,"href":"https:\/\/www.terravision.eu\/francese\/wp-json\/wp\/v2\/users\/1"}],"replies":[{"embeddable":true,"href":"https:\/\/www.terravision.eu\/francese\/wp-json\/wp\/v2\/comments?post=8811"}],"version-history":[{"count":0,"href":"https:\/\/www.terravision.eu\/francese\/wp-json\/wp\/v2\/pages\/8811\/revisions"}],"up":[{"embeddable":true,"href":"https:\/\/www.terravision.eu\/francese\/wp-json\/wp\/v2\/pages\/120"}],"wp:attachment":[{"href":"https:\/\/www.terravision.eu\/francese\/wp-json\/wp\/v2\/media?parent=8811"}],"curies":[{"name":"wp","href":"https:\/\/api.w.org\/{rel}","templated":true}]}}