{"id":193,"date":"2012-08-10T10:48:36","date_gmt":"2012-08-10T10:48:36","guid":{"rendered":"https:\/\/www.terravision.eu\/oporto-airport\/"},"modified":"2014-09-12T14:43:37","modified_gmt":"2014-09-12T12:43:37","slug":"porto_aeroporto","status":"publish","type":"page","link":"https:\/\/www.terravision.eu\/italiano\/porto_aeroporto.html","title":{"rendered":"Aeroporto di Oporto"},"content":{"rendered":"<p>L\u2019<strong>Aeroporto di Oporto Francisco S\u00e0 Carneiro<\/strong> \u00e8 il secondo scalo del Portogallo in termini di transito di passeggeri, secondo le statistiche di traffico di Aeroportos de Portugal . Nel 2008 si \u00e8 classificato primo tra gli aeroporti europei per la qualit\u00e0 dei sevizi e quarto su scala mondiale (tra gli aeroporti con meno di cinque milioni di passeggeri). Con pi\u00f9 di 10 compagnie aeree che volano a Oporto, l\u2019aeroporto serve un ampio numero di destinazioni europee e internazionali.Consulta il sito ufficiale dell\u2019Aeroporto di Oporto per maggiori informazioni.<\/p>\n<p><strong>Aeroporto di Oporto<\/strong> (Francisco S\u00e1 Carneiro) in cifre:<\/p>\n<ul>\n<li>Distanza dall\u2019aeroporto di Oporto al centro: 11km.<\/li>\n<li>Passeggeri transitati nel Maggio 2012: circa 2.3 milioni<\/li>\n<\/ul>\n<p><strong>Compagnie aeree<\/strong> che fanno scalo all&#8217;aeroporto di Oporto (Francisco Sa Carneiro):<\/p>\n<p><a title=\"TAP\" href=\"http:\/\/www.flytap.com\/\" target=\"_blank\">TAP Portugal<\/a> |<a title=\"Air Berlin\" href=\"http:\/\/www.airberlin.com\/\" target=\"_blank\"> Air Berlin<\/a> | <a title=\"easyjet\" href=\"http:\/\/www.easyjet.com\/\" target=\"_blank\">Easyjet<\/a> | <a title=\"Iberia \" href=\"http:\/\/www.iberia.com\/\" target=\"_blank\">Iberia<\/a> | <a title=\"Lufthansa\" href=\"http:\/\/www.lufthansa.com\/\" target=\"_blank\">Luftansa<\/a> |<a title=\"Volotea\" href=\"http:\/\/www.volotea.com\/\" target=\"_blank\">Volotea<\/a><\/p>\n<p>Per maggiori informazioni, controllare la nostra lista di motori di ricerca per voli lowcost da o per  Oporto.<\/p>\n<p><strong>Bus transfer Porto<\/strong> -Terravision propone un servizio di navetta tra l\u2019aeroporto di Oporto e Oporto Centro, con due fermate a Boavista e Aliados, in collaborazione con Goin\u2019Porto.<\/p>\n<p>Bus transfer Oporto &#8211; <a title=\"Bus Porto\" href=\"porto_aeroporto.html\" target=\"_blank\">Prenota Ora<\/a>!<\/p>\n","protected":false},"excerpt":{"rendered":"<p>L\u2019Aeroporto di Oporto Francisco S\u00e0 Carneiro \u00e8 il secondo scalo del Portogallo in termini di transito di passeggeri, secondo le statistiche di traffico di Aeroportos de Portugal . Nel 2008 si \u00e8 classificato primo tra gli aeroporti europei per la qualit\u00e0 dei sevizi e quarto su scala mondiale (tra gli aeroporti con meno di cinque [&hellip;]<\/p>\n","protected":false},"author":130,"featured_media":0,"parent":0,"menu_order":0,"comment_status":"open","ping_status":"open","template":"","meta":{"footnotes":""},"class_list":["post-193","page","type-page","status-publish","hentry","cities-oporto"],"yoast_head":"<!-- This site is optimized with the Yoast SEO Premium plugin v24.4 (Yoast SEO v24.4) - https:\/\/yoast.com\/wordpress\/plugins\/seo\/ -->\n<title>Aeroporto di Porto - Informazioni | Terravision<\/title>\n<meta name=\"description\" content=\"Aeroporto di Porto (Sa Carneiro). Informazioni sull&#039;Aeroporto di Porto, linee aeree che volano da\/per l&#039;Aeroporto di Porto, collegamenti con Porto Centro.\" \/>\n<meta name=\"robots\" content=\"index, follow, max-snippet:-1, max-image-preview:large, max-video-preview:-1\" \/>\n<link rel=\"canonical\" href=\"https:\/\/www.terravision.eu\/italiano\/porto_aeroporto.html\" \/>\n<meta property=\"og:locale\" content=\"it_IT\" \/>\n<meta property=\"og:type\" content=\"article\" \/>\n<meta property=\"og:title\" content=\"Aeroporto di Oporto\" \/>\n<meta property=\"og:description\" content=\"Aeroporto di Porto (Sa Carneiro). Informazioni sull&#039;Aeroporto di Porto, linee aeree che volano da\/per l&#039;Aeroporto di Porto, collegamenti con Porto Centro.\" \/>\n<meta property=\"og:url\" content=\"https:\/\/www.terravision.eu\/italiano\/porto_aeroporto.html\" \/>\n<meta property=\"og:site_name\" content=\"Terravision Italia\" \/>\n<meta property=\"article:modified_time\" content=\"2014-09-12T12:43:37+00:00\" \/>\n<meta name=\"twitter:label1\" content=\"Tempo di lettura stimato\" \/>\n\t<meta name=\"twitter:data1\" content=\"1 minute\" \/>\n<script type=\"application\/ld+json\" class=\"yoast-schema-graph\">{\"@context\":\"https:\/\/schema.org\",\"@graph\":[{\"@type\":\"WebPage\",\"@id\":\"https:\/\/www.terravision.eu\/italiano\/porto_aeroporto.html\",\"url\":\"https:\/\/www.terravision.eu\/italiano\/porto_aeroporto.html\",\"name\":\"Aeroporto di Porto - Informazioni | Terravision\",\"isPartOf\":{\"@id\":\"https:\/\/www.terravision.eu\/italiano\/#website\"},\"datePublished\":\"2012-08-10T10:48:36+00:00\",\"dateModified\":\"2014-09-12T12:43:37+00:00\",\"description\":\"Aeroporto di Porto (Sa Carneiro). Informazioni sull'Aeroporto di Porto, linee aeree che volano da\/per l'Aeroporto di Porto, collegamenti con Porto Centro.\",\"breadcrumb\":{\"@id\":\"https:\/\/www.terravision.eu\/italiano\/porto_aeroporto.html#breadcrumb\"},\"inLanguage\":\"it-IT\",\"potentialAction\":[{\"@type\":\"ReadAction\",\"target\":[\"https:\/\/www.terravision.eu\/italiano\/porto_aeroporto.html\"]}]},{\"@type\":\"BreadcrumbList\",\"@id\":\"https:\/\/www.terravision.eu\/italiano\/porto_aeroporto.html#breadcrumb\",\"itemListElement\":[{\"@type\":\"ListItem\",\"position\":1,\"name\":\"Home\",\"item\":\"https:\/\/www.terravision.eu\/italiano\/\"},{\"@type\":\"ListItem\",\"position\":2,\"name\":\"Aeroporto di Oporto\"}]},{\"@type\":\"WebSite\",\"@id\":\"https:\/\/www.terravision.eu\/italiano\/#website\",\"url\":\"https:\/\/www.terravision.eu\/italiano\/\",\"name\":\"Terravision Italia\",\"description\":\"Collegamenti Lowcost da\/per i principali Aeroporti europei\",\"potentialAction\":[{\"@type\":\"SearchAction\",\"target\":{\"@type\":\"EntryPoint\",\"urlTemplate\":\"https:\/\/www.terravision.eu\/italiano\/?s={search_term_string}\"},\"query-input\":{\"@type\":\"PropertyValueSpecification\",\"valueRequired\":true,\"valueName\":\"search_term_string\"}}],\"inLanguage\":\"it-IT\"}]}<\/script>\n<!-- \/ Yoast SEO Premium plugin. -->","yoast_head_json":{"title":"Aeroporto di Porto - Informazioni | Terravision","description":"Aeroporto di Porto (Sa Carneiro). Informazioni sull'Aeroporto di Porto, linee aeree che volano da\/per l'Aeroporto di Porto, collegamenti con Porto Centro.","robots":{"index":"index","follow":"follow","max-snippet":"max-snippet:-1","max-image-preview":"max-image-preview:large","max-video-preview":"max-video-preview:-1"},"canonical":"https:\/\/www.terravision.eu\/italiano\/porto_aeroporto.html","og_locale":"it_IT","og_type":"article","og_title":"Aeroporto di Oporto","og_description":"Aeroporto di Porto (Sa Carneiro). Informazioni sull'Aeroporto di Porto, linee aeree che volano da\/per l'Aeroporto di Porto, collegamenti con Porto Centro.","og_url":"https:\/\/www.terravision.eu\/italiano\/porto_aeroporto.html","og_site_name":"Terravision Italia","article_modified_time":"2014-09-12T12:43:37+00:00","twitter_misc":{"Tempo di lettura stimato":"1 minute"},"schema":{"@context":"https:\/\/schema.org","@graph":[{"@type":"WebPage","@id":"https:\/\/www.terravision.eu\/italiano\/porto_aeroporto.html","url":"https:\/\/www.terravision.eu\/italiano\/porto_aeroporto.html","name":"Aeroporto di Porto - Informazioni | Terravision","isPartOf":{"@id":"https:\/\/www.terravision.eu\/italiano\/#website"},"datePublished":"2012-08-10T10:48:36+00:00","dateModified":"2014-09-12T12:43:37+00:00","description":"Aeroporto di Porto (Sa Carneiro). Informazioni sull'Aeroporto di Porto, linee aeree che volano da\/per l'Aeroporto di Porto, collegamenti con Porto Centro.","breadcrumb":{"@id":"https:\/\/www.terravision.eu\/italiano\/porto_aeroporto.html#breadcrumb"},"inLanguage":"it-IT","potentialAction":[{"@type":"ReadAction","target":["https:\/\/www.terravision.eu\/italiano\/porto_aeroporto.html"]}]},{"@type":"BreadcrumbList","@id":"https:\/\/www.terravision.eu\/italiano\/porto_aeroporto.html#breadcrumb","itemListElement":[{"@type":"ListItem","position":1,"name":"Home","item":"https:\/\/www.terravision.eu\/italiano\/"},{"@type":"ListItem","position":2,"name":"Aeroporto di Oporto"}]},{"@type":"WebSite","@id":"https:\/\/www.terravision.eu\/italiano\/#website","url":"https:\/\/www.terravision.eu\/italiano\/","name":"Terravision Italia","description":"Collegamenti Lowcost da\/per i principali Aeroporti europei","potentialAction":[{"@type":"SearchAction","target":{"@type":"EntryPoint","urlTemplate":"https:\/\/www.terravision.eu\/italiano\/?s={search_term_string}"},"query-input":{"@type":"PropertyValueSpecification","valueRequired":true,"valueName":"search_term_string"}}],"inLanguage":"it-IT"}]}},"_links":{"self":[{"href":"https:\/\/www.terravision.eu\/italiano\/wp-json\/wp\/v2\/pages\/193","targetHints":{"allow":["GET"]}}],"collection":[{"href":"https:\/\/www.terravision.eu\/italiano\/wp-json\/wp\/v2\/pages"}],"about":[{"href":"https:\/\/www.terravision.eu\/italiano\/wp-json\/wp\/v2\/types\/page"}],"author":[{"embeddable":true,"href":"https:\/\/www.terravision.eu\/italiano\/wp-json\/wp\/v2\/users\/130"}],"replies":[{"embeddable":true,"href":"https:\/\/www.terravision.eu\/italiano\/wp-json\/wp\/v2\/comments?post=193"}],"version-history":[{"count":1,"href":"https:\/\/www.terravision.eu\/italiano\/wp-json\/wp\/v2\/pages\/193\/revisions"}],"predecessor-version":[{"id":14927,"href":"https:\/\/www.terravision.eu\/italiano\/wp-json\/wp\/v2\/pages\/193\/revisions\/14927"}],"wp:attachment":[{"href":"https:\/\/www.terravision.eu\/italiano\/wp-json\/wp\/v2\/media?parent=193"}],"curies":[{"name":"wp","href":"https:\/\/api.w.org\/{rel}","templated":true}]}}