{"id":264,"date":"2012-08-14T15:38:05","date_gmt":"2012-08-14T15:38:05","guid":{"rendered":"https:\/\/www.terravision.eu\/porto-travel-tips\/"},"modified":"2020-03-09T10:16:23","modified_gmt":"2020-03-09T09:16:23","slug":"viaggi_porto","status":"publish","type":"page","link":"https:\/\/www.terravision.eu\/italiano\/viaggi_porto.html","title":{"rendered":"Guida di Oporto"},"content":{"rendered":"<div id=\"article-single\"><strong>Consigli di viaggio a Oporto<\/strong>Oporto \u00e8 la <strong>seconda citt\u00e0 del Portogallo dopo Lisbona<\/strong> e sta diventando <strong>una destinazione sempre pi\u00f9 di tendenza<\/strong> in Europa. Grazie alla sua bellezza e ai suoi monumenti, il centro storico di Oporto (il quartiere della Ribeira) \u00e8 stato dichiarato nel 1996 dall\u2019<strong>UNESCO<\/strong><strong> Patrimonio dell\u2019Umanit\u00e0<\/strong> ed offre numerose attrattive per viaggi di un week end, per soggiorni pi\u00f9 lunghi ed anche per viaggi d\u2019affari. Sorto durante la dominazione romana, passato poi sotto il controllo degli Arabi e dell\u2019Impero Britannico, il centro storico di Oporto possiede un\u2019atmosfera unica\u2026 per non parlare delle le <strong>cantine di Vila Nova de Gaia<\/strong>, famose in tutto il mondo!<\/p>\n<p><strong>Luoghi di interesse<\/strong><br \/>\n&#8211; Cantine di Vila Nova de Gaia,<br \/>\n&#8211; Chiesa di Sao Louren\u00e7o<br \/>\n&#8211; Il Quartiera della Ribeira<br \/>\n&#8211; Torre Dos Cl\u00e9rigos<br \/>\n&#8211; Stazione dei treni di S\u00e3o Bento<br \/>\n&#8211; Ponte di Dom Lu\u00eds<br \/>\n&#8211; Le caratteristiche piastrelle decorate (in portoghese \u201cazulejos\u201d)<br \/>\n&#8211; Libreria \u201cLello\u201d<\/p>\n<p><strong>Cosa fare a Oporto<\/strong><br \/>\nOporto \u00e8 una citt\u00e0 elettrizzante nella quale potrai sempre trovare esposizioni di livello mondiale (Museo Serralves) e concerti (nella Casa da Musica), oltre a numerosi festival e spettacolari eventi (come la festa di san Giovanni).<\/p>\n<\/div>\n","protected":false},"excerpt":{"rendered":"<p>Consigli di viaggio a OportoOporto \u00e8 la seconda citt\u00e0 del Portogallo dopo Lisbona e sta diventando una destinazione sempre pi\u00f9 di tendenza in Europa. Grazie alla sua bellezza e ai suoi monumenti, il centro storico di Oporto (il quartiere della Ribeira) \u00e8 stato dichiarato nel 1996 dall\u2019UNESCO Patrimonio dell\u2019Umanit\u00e0 ed offre numerose attrattive per viaggi [&hellip;]<\/p>\n","protected":false},"author":130,"featured_media":0,"parent":0,"menu_order":0,"comment_status":"open","ping_status":"open","template":"","meta":{"footnotes":""},"class_list":["post-264","page","type-page","status-publish","hentry","cities-oporto"],"yoast_head":"<!-- This site is optimized with the Yoast SEO Premium plugin v24.4 (Yoast SEO v24.4) - https:\/\/yoast.com\/wordpress\/plugins\/seo\/ -->\n<title>Guida di Oporto | Terravision<\/title>\n<meta name=\"description\" content=\"Guida di Oporto. Guida turistica di Oporto con: musei, consigli di viaggio e le principali attrazioni di Oporto.\" \/>\n<meta name=\"robots\" content=\"index, follow, max-snippet:-1, max-image-preview:large, max-video-preview:-1\" \/>\n<link rel=\"canonical\" href=\"https:\/\/www.terravision.eu\/italiano\/viaggi_porto.html\" \/>\n<meta property=\"og:locale\" content=\"it_IT\" \/>\n<meta property=\"og:type\" content=\"article\" \/>\n<meta property=\"og:title\" content=\"Guida di Oporto\" \/>\n<meta property=\"og:description\" content=\"Guida di Oporto. Guida turistica di Oporto con: musei, consigli di viaggio e le principali attrazioni di Oporto.\" \/>\n<meta property=\"og:url\" content=\"https:\/\/www.terravision.eu\/italiano\/viaggi_porto.html\" \/>\n<meta property=\"og:site_name\" content=\"Terravision Italia\" \/>\n<meta property=\"article:modified_time\" content=\"2020-03-09T09:16:23+00:00\" \/>\n<meta name=\"twitter:label1\" content=\"Tempo di lettura stimato\" \/>\n\t<meta name=\"twitter:data1\" content=\"1 minute\" \/>\n<script type=\"application\/ld+json\" class=\"yoast-schema-graph\">{\"@context\":\"https:\/\/schema.org\",\"@graph\":[{\"@type\":\"WebPage\",\"@id\":\"https:\/\/www.terravision.eu\/italiano\/viaggi_porto.html\",\"url\":\"https:\/\/www.terravision.eu\/italiano\/viaggi_porto.html\",\"name\":\"Guida di Oporto | Terravision\",\"isPartOf\":{\"@id\":\"https:\/\/www.terravision.eu\/italiano\/#website\"},\"datePublished\":\"2012-08-14T15:38:05+00:00\",\"dateModified\":\"2020-03-09T09:16:23+00:00\",\"description\":\"Guida di Oporto. Guida turistica di Oporto con: musei, consigli di viaggio e le principali attrazioni di Oporto.\",\"breadcrumb\":{\"@id\":\"https:\/\/www.terravision.eu\/italiano\/viaggi_porto.html#breadcrumb\"},\"inLanguage\":\"it-IT\",\"potentialAction\":[{\"@type\":\"ReadAction\",\"target\":[\"https:\/\/www.terravision.eu\/italiano\/viaggi_porto.html\"]}]},{\"@type\":\"BreadcrumbList\",\"@id\":\"https:\/\/www.terravision.eu\/italiano\/viaggi_porto.html#breadcrumb\",\"itemListElement\":[{\"@type\":\"ListItem\",\"position\":1,\"name\":\"Home\",\"item\":\"https:\/\/www.terravision.eu\/italiano\/\"},{\"@type\":\"ListItem\",\"position\":2,\"name\":\"Guida di Oporto\"}]},{\"@type\":\"WebSite\",\"@id\":\"https:\/\/www.terravision.eu\/italiano\/#website\",\"url\":\"https:\/\/www.terravision.eu\/italiano\/\",\"name\":\"Terravision Italia\",\"description\":\"Collegamenti Lowcost da\/per i principali Aeroporti europei\",\"potentialAction\":[{\"@type\":\"SearchAction\",\"target\":{\"@type\":\"EntryPoint\",\"urlTemplate\":\"https:\/\/www.terravision.eu\/italiano\/?s={search_term_string}\"},\"query-input\":{\"@type\":\"PropertyValueSpecification\",\"valueRequired\":true,\"valueName\":\"search_term_string\"}}],\"inLanguage\":\"it-IT\"}]}<\/script>\n<!-- \/ Yoast SEO Premium plugin. -->","yoast_head_json":{"title":"Guida di Oporto | Terravision","description":"Guida di Oporto. Guida turistica di Oporto con: musei, consigli di viaggio e le principali attrazioni di Oporto.","robots":{"index":"index","follow":"follow","max-snippet":"max-snippet:-1","max-image-preview":"max-image-preview:large","max-video-preview":"max-video-preview:-1"},"canonical":"https:\/\/www.terravision.eu\/italiano\/viaggi_porto.html","og_locale":"it_IT","og_type":"article","og_title":"Guida di Oporto","og_description":"Guida di Oporto. Guida turistica di Oporto con: musei, consigli di viaggio e le principali attrazioni di Oporto.","og_url":"https:\/\/www.terravision.eu\/italiano\/viaggi_porto.html","og_site_name":"Terravision Italia","article_modified_time":"2020-03-09T09:16:23+00:00","twitter_misc":{"Tempo di lettura stimato":"1 minute"},"schema":{"@context":"https:\/\/schema.org","@graph":[{"@type":"WebPage","@id":"https:\/\/www.terravision.eu\/italiano\/viaggi_porto.html","url":"https:\/\/www.terravision.eu\/italiano\/viaggi_porto.html","name":"Guida di Oporto | Terravision","isPartOf":{"@id":"https:\/\/www.terravision.eu\/italiano\/#website"},"datePublished":"2012-08-14T15:38:05+00:00","dateModified":"2020-03-09T09:16:23+00:00","description":"Guida di Oporto. Guida turistica di Oporto con: musei, consigli di viaggio e le principali attrazioni di Oporto.","breadcrumb":{"@id":"https:\/\/www.terravision.eu\/italiano\/viaggi_porto.html#breadcrumb"},"inLanguage":"it-IT","potentialAction":[{"@type":"ReadAction","target":["https:\/\/www.terravision.eu\/italiano\/viaggi_porto.html"]}]},{"@type":"BreadcrumbList","@id":"https:\/\/www.terravision.eu\/italiano\/viaggi_porto.html#breadcrumb","itemListElement":[{"@type":"ListItem","position":1,"name":"Home","item":"https:\/\/www.terravision.eu\/italiano\/"},{"@type":"ListItem","position":2,"name":"Guida di Oporto"}]},{"@type":"WebSite","@id":"https:\/\/www.terravision.eu\/italiano\/#website","url":"https:\/\/www.terravision.eu\/italiano\/","name":"Terravision Italia","description":"Collegamenti Lowcost da\/per i principali Aeroporti europei","potentialAction":[{"@type":"SearchAction","target":{"@type":"EntryPoint","urlTemplate":"https:\/\/www.terravision.eu\/italiano\/?s={search_term_string}"},"query-input":{"@type":"PropertyValueSpecification","valueRequired":true,"valueName":"search_term_string"}}],"inLanguage":"it-IT"}]}},"_links":{"self":[{"href":"https:\/\/www.terravision.eu\/italiano\/wp-json\/wp\/v2\/pages\/264","targetHints":{"allow":["GET"]}}],"collection":[{"href":"https:\/\/www.terravision.eu\/italiano\/wp-json\/wp\/v2\/pages"}],"about":[{"href":"https:\/\/www.terravision.eu\/italiano\/wp-json\/wp\/v2\/types\/page"}],"author":[{"embeddable":true,"href":"https:\/\/www.terravision.eu\/italiano\/wp-json\/wp\/v2\/users\/130"}],"replies":[{"embeddable":true,"href":"https:\/\/www.terravision.eu\/italiano\/wp-json\/wp\/v2\/comments?post=264"}],"version-history":[{"count":2,"href":"https:\/\/www.terravision.eu\/italiano\/wp-json\/wp\/v2\/pages\/264\/revisions"}],"predecessor-version":[{"id":17116,"href":"https:\/\/www.terravision.eu\/italiano\/wp-json\/wp\/v2\/pages\/264\/revisions\/17116"}],"wp:attachment":[{"href":"https:\/\/www.terravision.eu\/italiano\/wp-json\/wp\/v2\/media?parent=264"}],"curies":[{"name":"wp","href":"https:\/\/api.w.org\/{rel}","templated":true}]}}