{"id":396,"date":"2012-08-28T13:00:24","date_gmt":"2012-08-28T13:00:24","guid":{"rendered":"https:\/\/www.terravision.eu\/about-us-2"},"modified":"2012-08-28T13:00:24","modified_gmt":"2012-08-28T13:00:24","slug":"about-us","status":"publish","type":"page","link":"https:\/\/www.terravision.eu\/italiano\/about-us.html","title":{"rendered":"Quienes Somos"},"content":{"rendered":"<p><strong>Misi\u00f3n de la Compa\u00f1\u00eda<\/strong><br \/>\nNuestra misi\u00f3n es sencilla: Simplemente ofrecer servicios de transporte desde el aeropuerto a un precio justo y conveniente en toda Europa.<\/p>\n<p><strong>Nuestro Objetivo<\/strong><br \/>\nUn servicio que sea simple, de f\u00e1cil acceso y lo m\u00e1s importante, que responda a las necesidades de los clientes m\u00e1s exigentes, todo ello a un precio conveniente. Nuestro objetivo es ofrecer un servicio de forma continua y aprovechar nuestras alianzas con los principales agentes en el mercado, tanto a nivel local como europeo, para garantizar que el consumidor reciba el mejor servicio posible a un precio justo y altamente competitivo.<\/p>\n<p><strong>Historia y perfil de nuestros productos<\/strong><br \/>\nEn los \u00faltimos a\u00f1os Terravision se ha establecido como un proveedor l\u00edder en desplazamientos entre los aeropuertos y sus respectivas ciudades en toda Europa. La compa\u00f1\u00eda surgi\u00f3 como respuesta a un vac\u00edo en el mercado cuando las compa\u00f1\u00edas a\u00e9reas de bajo coste comenzaron a crecer en manera exponencial.<\/p>\n<p>Comenz\u00f3 realizando traslato desde Roma centro a Ciampino. Terravision hoy en d\u00eda ha ampliado su centro de actividad a diferentes pa\u00edses de Europa, con numerosos servicios a en las principales ciudades como Londres (Stansted y Luton), Mil\u00e1n (aeropuerto de B\u00e9rgamo), Florencia (aeropuerto de Pisa) y Viena por nombrar unos pocos. La compa\u00f1ia busca continuamente la manera de ofrecer nuevos servicios y celebr\u00f3 el lanzamiento de cinco nuevos recorridos en el 2009 conectando as\u00ed Girona, Tr\u00e1pani, Malta, Tur\u00edn y el aeropuerto de Perpignan a con las ciudades m\u00e1s cercanas. La compa\u00f1ia tambi\u00e9n se enorgullece de sus nuevos servicios lanzados en el 2010 en Tenerife y M\u00e1laga Ofreciendo traslados desde el aeropuerto hasta el hotel<\/p>\n<p>Aunque el producto principal de Terravision sigue siendo los traslados desde\/hasta aeropuerto &#8211; centro ciudad, la compa\u00f1\u00eda ha diversificado sus servicios ofreciendo, tambi\u00e9n la posibilidad de elegir, hoteles, vuelos, city tour en Roma en colaboraci\u00f3n con las m\u00e1s importantes agencias del sector. Una adhesi\u00f3n importante a Terravision fue en 2008 con el lanzamiento de su franquicias, ofreciendo a los operadores europeos de transportes la posibildad de unirse y crecer bajo el nombre de Terravision. Desde su lanzamiento, se han unido a Terravision seis nuevas asociaciones y trabajamos constantemente para establecer nuevas relaciones.<\/p>\n<p>M\u00e1s tarde, en el 2008, Terravision lanz\u00f3 el tercer Terracaf\u00e8 en Londres, tras los \u00e9xitos de Florencia y Roma, Terracafe permite a los clientes utilizar el bar y de una c\u00f3moda sala, as\u00ed como comprar entradas para d\u00f3nde quiran ir. A la luz de este \u00e9xito, Terracafe est\u00e1 listo para lanzar su cuarta sucursal en Manchester en el curso del 2010. Esta es otra demostraci\u00f3n de la visi\u00f3n de Terravision que diversifica su oferta mediante la introducci\u00f3n de nuevos mercados y la creaci\u00f3n de nuevas empresas, todas ellas dise\u00f1adas para dar el mejor servicio al cliente.<\/p>\n<p><strong>Comprometidos con el futuro<\/strong><br \/>\nLa compa\u00f1\u00eda se ha preocupado siempre en dar a sus clientes un gran servicio al precio justo. Desde su creaci\u00f3n, Terravision ha transportado con gran \u00e9xito a millones de pasajeros en los \u00faltimos a\u00f1os. Mirando hacia el futuro, Terravision sigue manteniendo su objetivo: ofrecer un transporte de cualidad al precio m\u00e1s bajo. Es por eso, por lo que siempre estamos buscando mejorar nuestros servicios para satisfacer mejor las demandas de los clientes, ya sea mejorando nuestros sistemas de reservas, la actualizaci\u00f3n de nuestros horarios o incluso con el lanzamiento de nuevos servicios .<\/p>\n","protected":false},"excerpt":{"rendered":"<p>Misi\u00f3n de la Compa\u00f1\u00eda Nuestra misi\u00f3n es sencilla: Simplemente ofrecer servicios de transporte desde el aeropuerto a un precio justo y conveniente en toda Europa. Nuestro Objetivo Un servicio que sea simple, de f\u00e1cil acceso y lo m\u00e1s importante, que responda a las necesidades de los clientes m\u00e1s exigentes, todo ello a un precio conveniente. [&hellip;]<\/p>\n","protected":false},"author":130,"featured_media":0,"parent":0,"menu_order":0,"comment_status":"open","ping_status":"open","template":"","meta":{"footnotes":""},"class_list":["post-396","page","type-page","status-publish","hentry"],"yoast_head":"<!-- This site is optimized with the Yoast SEO Premium plugin v24.4 (Yoast SEO v24.4) - https:\/\/yoast.com\/wordpress\/plugins\/seo\/ -->\n<title>Quienes Somos | Terravision Italia<\/title>\n<meta name=\"robots\" content=\"index, follow, max-snippet:-1, max-image-preview:large, max-video-preview:-1\" \/>\n<link rel=\"canonical\" href=\"https:\/\/www.terravision.eu\/italiano\/about-us.html\" \/>\n<meta property=\"og:locale\" content=\"it_IT\" \/>\n<meta property=\"og:type\" content=\"article\" \/>\n<meta property=\"og:title\" content=\"Quienes Somos\" \/>\n<meta property=\"og:description\" content=\"Misi\u00f3n de la Compa\u00f1\u00eda Nuestra misi\u00f3n es sencilla: Simplemente ofrecer servicios de transporte desde el aeropuerto a un precio justo y conveniente en toda Europa. Nuestro Objetivo Un servicio que sea simple, de f\u00e1cil acceso y lo m\u00e1s importante, que responda a las necesidades de los clientes m\u00e1s exigentes, todo ello a un precio conveniente. [&hellip;]\" \/>\n<meta property=\"og:url\" content=\"https:\/\/www.terravision.eu\/italiano\/about-us.html\" \/>\n<meta property=\"og:site_name\" content=\"Terravision Italia\" \/>\n<meta name=\"twitter:label1\" content=\"Tempo di lettura stimato\" \/>\n\t<meta name=\"twitter:data1\" content=\"3 minutes\" \/>\n<script type=\"application\/ld+json\" class=\"yoast-schema-graph\">{\"@context\":\"https:\/\/schema.org\",\"@graph\":[{\"@type\":\"WebPage\",\"@id\":\"https:\/\/www.terravision.eu\/italiano\/about-us.html\",\"url\":\"https:\/\/www.terravision.eu\/italiano\/about-us.html\",\"name\":\"Quienes Somos | Terravision Italia\",\"isPartOf\":{\"@id\":\"https:\/\/www.terravision.eu\/italiano\/#website\"},\"datePublished\":\"2012-08-28T13:00:24+00:00\",\"breadcrumb\":{\"@id\":\"https:\/\/www.terravision.eu\/italiano\/about-us.html#breadcrumb\"},\"inLanguage\":\"it-IT\",\"potentialAction\":[{\"@type\":\"ReadAction\",\"target\":[\"https:\/\/www.terravision.eu\/italiano\/about-us.html\"]}]},{\"@type\":\"BreadcrumbList\",\"@id\":\"https:\/\/www.terravision.eu\/italiano\/about-us.html#breadcrumb\",\"itemListElement\":[{\"@type\":\"ListItem\",\"position\":1,\"name\":\"Home\",\"item\":\"https:\/\/www.terravision.eu\/italiano\/\"},{\"@type\":\"ListItem\",\"position\":2,\"name\":\"Quienes Somos\"}]},{\"@type\":\"WebSite\",\"@id\":\"https:\/\/www.terravision.eu\/italiano\/#website\",\"url\":\"https:\/\/www.terravision.eu\/italiano\/\",\"name\":\"Terravision Italia\",\"description\":\"Collegamenti Lowcost da\/per i principali Aeroporti europei\",\"potentialAction\":[{\"@type\":\"SearchAction\",\"target\":{\"@type\":\"EntryPoint\",\"urlTemplate\":\"https:\/\/www.terravision.eu\/italiano\/?s={search_term_string}\"},\"query-input\":{\"@type\":\"PropertyValueSpecification\",\"valueRequired\":true,\"valueName\":\"search_term_string\"}}],\"inLanguage\":\"it-IT\"}]}<\/script>\n<!-- \/ Yoast SEO Premium plugin. -->","yoast_head_json":{"title":"Quienes Somos | Terravision Italia","robots":{"index":"index","follow":"follow","max-snippet":"max-snippet:-1","max-image-preview":"max-image-preview:large","max-video-preview":"max-video-preview:-1"},"canonical":"https:\/\/www.terravision.eu\/italiano\/about-us.html","og_locale":"it_IT","og_type":"article","og_title":"Quienes Somos","og_description":"Misi\u00f3n de la Compa\u00f1\u00eda Nuestra misi\u00f3n es sencilla: Simplemente ofrecer servicios de transporte desde el aeropuerto a un precio justo y conveniente en toda Europa. Nuestro Objetivo Un servicio que sea simple, de f\u00e1cil acceso y lo m\u00e1s importante, que responda a las necesidades de los clientes m\u00e1s exigentes, todo ello a un precio conveniente. [&hellip;]","og_url":"https:\/\/www.terravision.eu\/italiano\/about-us.html","og_site_name":"Terravision Italia","twitter_misc":{"Tempo di lettura stimato":"3 minutes"},"schema":{"@context":"https:\/\/schema.org","@graph":[{"@type":"WebPage","@id":"https:\/\/www.terravision.eu\/italiano\/about-us.html","url":"https:\/\/www.terravision.eu\/italiano\/about-us.html","name":"Quienes Somos | Terravision Italia","isPartOf":{"@id":"https:\/\/www.terravision.eu\/italiano\/#website"},"datePublished":"2012-08-28T13:00:24+00:00","breadcrumb":{"@id":"https:\/\/www.terravision.eu\/italiano\/about-us.html#breadcrumb"},"inLanguage":"it-IT","potentialAction":[{"@type":"ReadAction","target":["https:\/\/www.terravision.eu\/italiano\/about-us.html"]}]},{"@type":"BreadcrumbList","@id":"https:\/\/www.terravision.eu\/italiano\/about-us.html#breadcrumb","itemListElement":[{"@type":"ListItem","position":1,"name":"Home","item":"https:\/\/www.terravision.eu\/italiano\/"},{"@type":"ListItem","position":2,"name":"Quienes Somos"}]},{"@type":"WebSite","@id":"https:\/\/www.terravision.eu\/italiano\/#website","url":"https:\/\/www.terravision.eu\/italiano\/","name":"Terravision Italia","description":"Collegamenti Lowcost da\/per i principali Aeroporti europei","potentialAction":[{"@type":"SearchAction","target":{"@type":"EntryPoint","urlTemplate":"https:\/\/www.terravision.eu\/italiano\/?s={search_term_string}"},"query-input":{"@type":"PropertyValueSpecification","valueRequired":true,"valueName":"search_term_string"}}],"inLanguage":"it-IT"}]}},"_links":{"self":[{"href":"https:\/\/www.terravision.eu\/italiano\/wp-json\/wp\/v2\/pages\/396","targetHints":{"allow":["GET"]}}],"collection":[{"href":"https:\/\/www.terravision.eu\/italiano\/wp-json\/wp\/v2\/pages"}],"about":[{"href":"https:\/\/www.terravision.eu\/italiano\/wp-json\/wp\/v2\/types\/page"}],"author":[{"embeddable":true,"href":"https:\/\/www.terravision.eu\/italiano\/wp-json\/wp\/v2\/users\/130"}],"replies":[{"embeddable":true,"href":"https:\/\/www.terravision.eu\/italiano\/wp-json\/wp\/v2\/comments?post=396"}],"version-history":[{"count":0,"href":"https:\/\/www.terravision.eu\/italiano\/wp-json\/wp\/v2\/pages\/396\/revisions"}],"wp:attachment":[{"href":"https:\/\/www.terravision.eu\/italiano\/wp-json\/wp\/v2\/media?parent=396"}],"curies":[{"name":"wp","href":"https:\/\/api.w.org\/{rel}","templated":true}]}}