{"id":13351,"date":"2018-12-13T15:41:29","date_gmt":"2018-12-13T15:41:29","guid":{"rendered":"https:\/\/www.terravision.eu\/spagnolo\/?page_id=13351"},"modified":"2018-12-13T15:41:29","modified_gmt":"2018-12-13T15:41:29","slug":"city-tour","status":"publish","type":"page","link":"https:\/\/www.terravision.eu\/spagnolo\/city-tour.html","title":{"rendered":"City Tour"},"content":{"rendered":"<p><strong>CITY TOUR: reserva el tour m\u00e1s indicado para ti y visita la ciudad en un d\u00eda<\/strong><\/p>\n<p>Terravision ofrece diferentes City Tours v\u00e1lidos entre 24 y 48 horas en muchas ciudades europeas.<br \/>\nAproveche la oportunidad de visitar las atracciones tur\u00edsticas m\u00e1s importantes en un solo d\u00eda, comprando el City Tour directamente en la p\u00e1gina web de Terravision.<br \/>\n\u00a1En unos simples pasos, sus vacaciones ya estar\u00e1n organizadas hasta el \u00faltimo detalle!<\/p>\n<p>Eche un vistazo a todos los City Tours en el sitio web visitando la secci\u00f3n dedicada a los mismos,<br \/>\n<a href=\"https:\/\/www.terravision.eu\/spagnolo\/files\/2018\/12\/tour-ciudades-1.png\"><img decoding=\"async\" src=\"https:\/\/www.terravision.eu\/spagnolo\/files\/2018\/12\/tour-ciudades-1-300x151.png\"  class=\"alignnone\" \/><\/a><br \/>\no seleccione de la lista de traslados la ciudad que le interese,  por ejemplo; &#8220;Autob\u00fas Aeropuerto de Ciampino &#8211; Roma&#8221;, despu\u00e9s haga clic en &#8220;Gu\u00eda de Roma&#8221;. All\u00ed encontrar\u00e1 numerosas recomendaciones sobre las principales atracciones de la ciudad.<br \/>\n<a href=\"https:\/\/www.terravision.eu\/spagnolo\/files\/2018\/12\/tour-ciudades-2.png\"><img decoding=\"async\" src=\"https:\/\/www.terravision.eu\/spagnolo\/files\/2018\/12\/tour-ciudades-2-300x148.png\"  class=\"alignnone\" \/><\/a>\t\t\t\t\t<\/p>\n<p>No desperdicie ni un segundo de sus vacaciones: \u00a1Organ\u00edcelo por adelantado!<\/p>\n","protected":false},"excerpt":{"rendered":"<p>CITY TOUR: reserva el tour m\u00e1s indicado para ti y visita la ciudad en un d\u00eda Terravision ofrece diferentes City Tours v\u00e1lidos entre 24 y 48 horas en muchas ciudades europeas. Aproveche la oportunidad de visitar las atracciones tur\u00edsticas m\u00e1s importantes en un solo d\u00eda, comprando el City Tour directamente en la p\u00e1gina web de [&hellip;]<\/p>\n","protected":false},"author":131,"featured_media":0,"parent":0,"menu_order":0,"comment_status":"closed","ping_status":"closed","template":"","meta":{"footnotes":""},"class_list":["post-13351","page","type-page","status-publish","hentry"],"yoast_head":"<!-- This site is optimized with the Yoast SEO Premium plugin v24.4 (Yoast SEO v24.4) - https:\/\/yoast.com\/wordpress\/plugins\/seo\/ -->\n<title>City Tour | Terravision Espa\u00f1a<\/title>\n<meta name=\"robots\" content=\"index, follow, max-snippet:-1, max-image-preview:large, max-video-preview:-1\" \/>\n<link rel=\"canonical\" href=\"https:\/\/www.terravision.eu\/spagnolo\/city-tour.html\" \/>\n<meta property=\"og:locale\" content=\"es_ES\" \/>\n<meta property=\"og:type\" content=\"article\" \/>\n<meta property=\"og:title\" content=\"City Tour\" \/>\n<meta property=\"og:description\" content=\"CITY TOUR: reserva el tour m\u00e1s indicado para ti y visita la ciudad en un d\u00eda Terravision ofrece diferentes City Tours v\u00e1lidos entre 24 y 48 horas en muchas ciudades europeas. Aproveche la oportunidad de visitar las atracciones tur\u00edsticas m\u00e1s importantes en un solo d\u00eda, comprando el City Tour directamente en la p\u00e1gina web de [&hellip;]\" \/>\n<meta property=\"og:url\" content=\"https:\/\/www.terravision.eu\/spagnolo\/city-tour.html\" \/>\n<meta property=\"og:site_name\" content=\"Terravision Espa\u00f1a\" \/>\n<meta property=\"og:image\" content=\"https:\/\/www.terravision.eu\/spagnolo\/files\/2018\/12\/tour-ciudades-1-300x151.png\" \/>\n<meta name=\"twitter:label1\" content=\"Tiempo de lectura\" \/>\n\t<meta name=\"twitter:data1\" content=\"1 minute\" \/>\n<script type=\"application\/ld+json\" class=\"yoast-schema-graph\">{\"@context\":\"https:\/\/schema.org\",\"@graph\":[{\"@type\":\"WebPage\",\"@id\":\"https:\/\/www.terravision.eu\/spagnolo\/city-tour.html\",\"url\":\"https:\/\/www.terravision.eu\/spagnolo\/city-tour.html\",\"name\":\"City Tour | Terravision Espa\u00f1a\",\"isPartOf\":{\"@id\":\"https:\/\/www.terravision.eu\/spagnolo\/#website\"},\"primaryImageOfPage\":{\"@id\":\"https:\/\/www.terravision.eu\/spagnolo\/city-tour.html#primaryimage\"},\"image\":{\"@id\":\"https:\/\/www.terravision.eu\/spagnolo\/city-tour.html#primaryimage\"},\"thumbnailUrl\":\"https:\/\/www.terravision.eu\/spagnolo\/files\/2018\/12\/tour-ciudades-1-300x151.png\",\"datePublished\":\"2018-12-13T15:41:29+00:00\",\"breadcrumb\":{\"@id\":\"https:\/\/www.terravision.eu\/spagnolo\/city-tour.html#breadcrumb\"},\"inLanguage\":\"es-ES\",\"potentialAction\":[{\"@type\":\"ReadAction\",\"target\":[\"https:\/\/www.terravision.eu\/spagnolo\/city-tour.html\"]}]},{\"@type\":\"ImageObject\",\"inLanguage\":\"es-ES\",\"@id\":\"https:\/\/www.terravision.eu\/spagnolo\/city-tour.html#primaryimage\",\"url\":\"https:\/\/www.terravision.eu\/spagnolo\/files\/2018\/12\/tour-ciudades-1.png\",\"contentUrl\":\"https:\/\/www.terravision.eu\/spagnolo\/files\/2018\/12\/tour-ciudades-1.png\",\"width\":1182,\"height\":595},{\"@type\":\"BreadcrumbList\",\"@id\":\"https:\/\/www.terravision.eu\/spagnolo\/city-tour.html#breadcrumb\",\"itemListElement\":[{\"@type\":\"ListItem\",\"position\":1,\"name\":\"Home\",\"item\":\"https:\/\/www.terravision.eu\/spagnolo\/\"},{\"@type\":\"ListItem\",\"position\":2,\"name\":\"City Tour\"}]},{\"@type\":\"WebSite\",\"@id\":\"https:\/\/www.terravision.eu\/spagnolo\/#website\",\"url\":\"https:\/\/www.terravision.eu\/spagnolo\/\",\"name\":\"Terravision Espa\u00f1a\",\"description\":\"Conexiones low-cost desde\/hacia los principales aeropuertos europeos\",\"potentialAction\":[{\"@type\":\"SearchAction\",\"target\":{\"@type\":\"EntryPoint\",\"urlTemplate\":\"https:\/\/www.terravision.eu\/spagnolo\/?s={search_term_string}\"},\"query-input\":{\"@type\":\"PropertyValueSpecification\",\"valueRequired\":true,\"valueName\":\"search_term_string\"}}],\"inLanguage\":\"es-ES\"}]}<\/script>\n<!-- \/ Yoast SEO Premium plugin. -->","yoast_head_json":{"title":"City Tour | Terravision Espa\u00f1a","robots":{"index":"index","follow":"follow","max-snippet":"max-snippet:-1","max-image-preview":"max-image-preview:large","max-video-preview":"max-video-preview:-1"},"canonical":"https:\/\/www.terravision.eu\/spagnolo\/city-tour.html","og_locale":"es_ES","og_type":"article","og_title":"City Tour","og_description":"CITY TOUR: reserva el tour m\u00e1s indicado para ti y visita la ciudad en un d\u00eda Terravision ofrece diferentes City Tours v\u00e1lidos entre 24 y 48 horas en muchas ciudades europeas. Aproveche la oportunidad de visitar las atracciones tur\u00edsticas m\u00e1s importantes en un solo d\u00eda, comprando el City Tour directamente en la p\u00e1gina web de [&hellip;]","og_url":"https:\/\/www.terravision.eu\/spagnolo\/city-tour.html","og_site_name":"Terravision Espa\u00f1a","og_image":[{"url":"https:\/\/www.terravision.eu\/spagnolo\/files\/2018\/12\/tour-ciudades-1-300x151.png","type":"","width":"","height":""}],"twitter_misc":{"Tiempo de lectura":"1 minute"},"schema":{"@context":"https:\/\/schema.org","@graph":[{"@type":"WebPage","@id":"https:\/\/www.terravision.eu\/spagnolo\/city-tour.html","url":"https:\/\/www.terravision.eu\/spagnolo\/city-tour.html","name":"City Tour | Terravision Espa\u00f1a","isPartOf":{"@id":"https:\/\/www.terravision.eu\/spagnolo\/#website"},"primaryImageOfPage":{"@id":"https:\/\/www.terravision.eu\/spagnolo\/city-tour.html#primaryimage"},"image":{"@id":"https:\/\/www.terravision.eu\/spagnolo\/city-tour.html#primaryimage"},"thumbnailUrl":"https:\/\/www.terravision.eu\/spagnolo\/files\/2018\/12\/tour-ciudades-1-300x151.png","datePublished":"2018-12-13T15:41:29+00:00","breadcrumb":{"@id":"https:\/\/www.terravision.eu\/spagnolo\/city-tour.html#breadcrumb"},"inLanguage":"es-ES","potentialAction":[{"@type":"ReadAction","target":["https:\/\/www.terravision.eu\/spagnolo\/city-tour.html"]}]},{"@type":"ImageObject","inLanguage":"es-ES","@id":"https:\/\/www.terravision.eu\/spagnolo\/city-tour.html#primaryimage","url":"https:\/\/www.terravision.eu\/spagnolo\/files\/2018\/12\/tour-ciudades-1.png","contentUrl":"https:\/\/www.terravision.eu\/spagnolo\/files\/2018\/12\/tour-ciudades-1.png","width":1182,"height":595},{"@type":"BreadcrumbList","@id":"https:\/\/www.terravision.eu\/spagnolo\/city-tour.html#breadcrumb","itemListElement":[{"@type":"ListItem","position":1,"name":"Home","item":"https:\/\/www.terravision.eu\/spagnolo\/"},{"@type":"ListItem","position":2,"name":"City Tour"}]},{"@type":"WebSite","@id":"https:\/\/www.terravision.eu\/spagnolo\/#website","url":"https:\/\/www.terravision.eu\/spagnolo\/","name":"Terravision Espa\u00f1a","description":"Conexiones low-cost desde\/hacia los principales aeropuertos europeos","potentialAction":[{"@type":"SearchAction","target":{"@type":"EntryPoint","urlTemplate":"https:\/\/www.terravision.eu\/spagnolo\/?s={search_term_string}"},"query-input":{"@type":"PropertyValueSpecification","valueRequired":true,"valueName":"search_term_string"}}],"inLanguage":"es-ES"}]}},"_links":{"self":[{"href":"https:\/\/www.terravision.eu\/spagnolo\/wp-json\/wp\/v2\/pages\/13351","targetHints":{"allow":["GET"]}}],"collection":[{"href":"https:\/\/www.terravision.eu\/spagnolo\/wp-json\/wp\/v2\/pages"}],"about":[{"href":"https:\/\/www.terravision.eu\/spagnolo\/wp-json\/wp\/v2\/types\/page"}],"author":[{"embeddable":true,"href":"https:\/\/www.terravision.eu\/spagnolo\/wp-json\/wp\/v2\/users\/131"}],"replies":[{"embeddable":true,"href":"https:\/\/www.terravision.eu\/spagnolo\/wp-json\/wp\/v2\/comments?post=13351"}],"version-history":[{"count":1,"href":"https:\/\/www.terravision.eu\/spagnolo\/wp-json\/wp\/v2\/pages\/13351\/revisions"}],"predecessor-version":[{"id":13354,"href":"https:\/\/www.terravision.eu\/spagnolo\/wp-json\/wp\/v2\/pages\/13351\/revisions\/13354"}],"wp:attachment":[{"href":"https:\/\/www.terravision.eu\/spagnolo\/wp-json\/wp\/v2\/media?parent=13351"}],"curies":[{"name":"wp","href":"https:\/\/api.w.org\/{rel}","templated":true}]}}