{"id":328,"date":"2012-08-16T16:27:37","date_gmt":"2012-08-16T16:27:37","guid":{"rendered":"https:\/\/www.terravision.eu\/news-terravision\/"},"modified":"2012-08-16T16:27:37","modified_gmt":"2012-08-16T16:27:37","slug":"news_promotions","status":"publish","type":"page","link":"https:\/\/www.terravision.eu\/spagnolo\/news_promotions.html","title":{"rendered":"News | Terravision"},"content":{"rendered":"<div id=\"article-single\">\n<div class=\"title\"><strong>Luton: domingo 8 de Junio nuestros servicios se reducir\u00e1n<\/strong><\/div>\n<p>Debido a la manifestaci\u00f3n de la Federaci\u00f3n Sikh que tendr\u00e1 lugar el 8 de junio de 11:30 a 16:30, los autobuses con salida desde Victoria y Marble Arch saldr\u00e1n durante dicho horario desde las paradas de  Baker Street\/Gloucester Place con direcci\u00f3n hacia el aeropuerto de Luton<\/p>\n<div class=\"title\"><strong>Terravision ha vuelto a Tur\u00edn-Caselle<\/strong><\/div>\n<p>A partir del 07 de Agosto de 2013 Terravision ofrecer\u00e1 el servicio de transfer aeroportuario entre Tur\u00edn-Caselle y el  centro de la ciudad de Tur\u00edn con las siguiente paradas:<\/p>\n<ul>\n<li>Via Botticelli\/ang. P.zza Rebaudengo,<\/li>\n<li>Via Botticelli 217,<\/li>\n<li>C.so Casale 42,<\/li>\n<li>Sala de exposiciones de Tur\u00edn,<\/li>\n<li>V\u00eda G.Bruno,<\/li>\n<li>Estaci\u00f3n de Lingotto F.S.<\/li>\n<\/ul>\n<p>Salidas frecuentes, duraci\u00f3n del viaje: 1h<\/p>\n<p><strong>\u00a1Ahora, viajar a Tur\u00edn es c\u00f3modo, barato y f\u00e1cil!<\/strong><\/p>\n<p>Mayor informaci\u00f3n en <a href=\"https:\/\/www.terravision.eu\/spagnolo\/turin_caselle.html\" title=\"Turin Caselle Bus Aeropuerto\" target=\"_blank\">www.terravision.eu\/spagnolo\/turin_caselle.html<\/a><br \/>\n<a href=\"http:\/\/33c02c0c79a58839e643-a32630085b8438528eb77418ce349b52.r18.cf3.rackcdn.com\/files\/2012\/08\/Comunicato-Stampa-Torino.pdf\" target=\"_blank\">Leer el comunicado de prensa<\/a><\/p>\n<div class=\"title\"><strong>Un\u00e9te a nuestro <a href=\"http:\/\/on.fb.me\/RFvcmb\" target=\"_blank\">concurso Facebook<\/a> y GANA 2 billetes ida y vuelta gratu\u00edtos<\/strong><\/div>\n<p>Escribe el t\u00edtulo m\u00e1s divertido para ganar dos billetes de autob\u00fas de ida y vuelta con Terravision para los servicios de Roma, Londres, Mil\u00e1n y Oporto.<br \/>\nPara cada viaje entre el 03\/02\/2013 y el 03\/05\/2013.<br \/>\nDuraci\u00f3n del concurso: desde el 23\/01\/2013 hasta el 31\/01\/2013<br \/>\n<br \/>Resultados: el 01\/02\/2013<br \/>\n<br \/><a href=\"http:\/\/on.fb.me\/RFvcmb\" target=\"_blank\">Participa ahora<\/a><br \/>\n<a href=\"http:\/\/on.fb.me\/RFvcmb\"><img loading=\"lazy\" decoding=\"async\" alt=\"\" src=\"https:\/\/www.terravision.eu\/files\/2013\/01\/vignette_immaginefacebook2013.jpg\" title=\"Caption This!\" class=\"aligncenter\" width=\"312\" height=\"208\" \/><\/a><\/p>\n<div class=\"title\"><strong>Un\u00e9te a nuestro concurso fotogr\u00e1fico del aparcamiento y GANA billetes de transfer aeroportuarios gratu\u00edtos<\/strong><\/div>\n<p>\u00bf En qu\u00e9 consiste el concurso y c\u00f3mo puedes ganar?<\/p>\n<p>Este mes ofrecemos una gran promoci\u00f3n en nuestro aparcamiento  Lowcost del aeropuerto. [<a href=\"http:\/\/www.lowcostparking.eu\/lavaggio-auto-gratuito\/\" target=\"_blank\">Mayor informaci\u00f3n<\/a>]<\/p>\n<p>Ofrecemos a todos la oportunidad de ganar d<strong>os billetes de autob\u00fas de ida y vuelta con Terravision para los servicios de Roma, Londres, Mil\u00e1n y Oporto.<\/strong><\/p>\n<p>Para poder GANAR <strong>envianos las fotos o los videos m\u00e1s divertidos y originales  que tengas de aparcamientos<\/strong>.<br \/>\nPor favor,  mandarnos s\u00f3lo las fotos o videos de vuetra propiedad, no queremos tener problemas con los derechos de autor.<\/p>\n<p><strong>1-<\/strong> Env\u00edanos las fotos o videos de las siguientes maneras:<br \/>\na. Con <a href=\"http:\/\/www.facebook.com\/terravision.eu\" target=\"_blank\">Facebook<\/a>: mensajes privados<br \/>\nb. Con <a href=\"http:\/\/www.twitter.com\/terravision.eu\" target=\"_blank\">Twitter<\/a>: escribir a @terravision.eu #lowcostparkingcontest<br \/>\nc. Con <a href=\"https:\/\/plus.google.com\/117663298953246625852\" target=\"_blank\">Google+<\/a>: escribir +Terravision Group o @Terravision Group #lowcostparkingcontest<br \/>\nd. Con<a href=\"http:\/\/www.pinterest.com\/terravisiongp\" target=\"_blank\"> Pinterest<\/a>: escribir @terravisiongp #lowcostparkingcontest <\/p>\n<p><strong>2-<\/strong> Compartiremos todas las fotos en nuestro alb\u00fam dedicado a este tema en Facebook y en los dem\u00e1s canales de  social media <\/p>\n<p><strong>3-<\/strong> La foto m\u00e1s destacada ganar\u00e1 2 billetes de ida y vuelta grat\u00eds para uno de los siguiente servicios: Del Aeropuerto de Stansted a Londres, Del Aeropuerto de Pisa a Florencia, Del Aeropuerto de B\u00e9rgamo a Mil\u00e1n, Del Aeropuerto de  S\u00e1 Carneiro a Oporto.<\/p>\n<p><strong>4-<\/strong> <strong>El 23 de Enero anunciaremos qui\u00e9n es el ganador<\/strong> del concurso. L<strong>os billetes ser\u00e1n v\u00e1lidos desde el 25 de Enero al 28 de Febrero del 2013<\/strong> para cualquiera de los servicios antes mencionados.<\/p>\n<p>\u00a1\u00a1 Buena suerte!!<\/p>\n<div class=\"title\"><strong>Con nuestros mejores deseos desde Terravision<\/strong><\/div>\n<p>Mantente siempre informado siguenos en <a href=\"http:\/\/www.facebook.com\/terravision.eu\/app_438310106218991\" title=\"Terravision | Facebook\" target=\"_blank\">Facebook<\/a>, <a href=\"http:\/\/www.twitter.com\/terravision.eu\" target=\"_blank\">Twitter<\/a>, <a href=\"http:\/\/pinterest.com\/terravisiongp\/\" title=\"Terravision Group | Pinterest\" target=\"_blank\">Pinterest<\/a> y <a href=\"https:\/\/plus.google.com\/117663298953246625852\" title=\"Terravision Group | Google +\" target=\"_blank\">Google +<\/a> !<\/p>\n<hr>\n<div class=\"title\">TERRAVISION ANIVERSARIO 10 A\u00d1OS<\/div>\n<p><strong>Terravision<\/strong>  lanza <strong>10 meses<\/strong> de grandes <strong>promociones<\/strong> que empezar\u00e1n el 5 de Noviembre. <a href=\"http:\/\/book.terravision.eu\/es\/register\" target=\"_blank\">Registrate<\/a> para recibir mas informacion sobre la imprerdibles promociones de los proximos 10 meses o vuelve pronto a nuestra pagina web&#8230;<br \/>\n[<a href=\"https:\/\/www.terravision.eu\/files\/2012\/08\/10x10x10-UK-Release-B2C-issue-date-31-Oct-12-FINAL.pdf\" target=\"_blank\">leer el comunicado de prensa (ingles)<\/a>]<\/p>\n<\/div>\n","protected":false},"excerpt":{"rendered":"<p>Luton: domingo 8 de Junio nuestros servicios se reducir\u00e1n Debido a la manifestaci\u00f3n de la Federaci\u00f3n Sikh que tendr\u00e1 lugar el 8 de junio de 11:30 a 16:30, los autobuses con salida desde Victoria y Marble Arch saldr\u00e1n durante dicho horario desde las paradas de Baker Street\/Gloucester Place con direcci\u00f3n hacia el aeropuerto de Luton [&hellip;]<\/p>\n","protected":false},"author":1,"featured_media":0,"parent":0,"menu_order":0,"comment_status":"open","ping_status":"open","template":"page-full.php","meta":{"footnotes":""},"class_list":["post-328","page","type-page","status-publish","hentry"],"yoast_head":"<!-- This site is optimized with the Yoast SEO Premium plugin v24.4 (Yoast SEO v24.4) - https:\/\/yoast.com\/wordpress\/plugins\/seo\/ -->\n<title>News | Terravision | Terravision Espa\u00f1a<\/title>\n<meta name=\"robots\" content=\"index, follow, max-snippet:-1, max-image-preview:large, max-video-preview:-1\" \/>\n<link rel=\"canonical\" href=\"https:\/\/www.terravision.eu\/spagnolo\/news_promotions.html\" \/>\n<meta property=\"og:locale\" content=\"es_ES\" \/>\n<meta property=\"og:type\" content=\"article\" \/>\n<meta property=\"og:title\" content=\"News | Terravision\" \/>\n<meta property=\"og:description\" content=\"Luton: domingo 8 de Junio nuestros servicios se reducir\u00e1n Debido a la manifestaci\u00f3n de la Federaci\u00f3n Sikh que tendr\u00e1 lugar el 8 de junio de 11:30 a 16:30, los autobuses con salida desde Victoria y Marble Arch saldr\u00e1n durante dicho horario desde las paradas de Baker Street\/Gloucester Place con direcci\u00f3n hacia el aeropuerto de Luton [&hellip;]\" \/>\n<meta property=\"og:url\" content=\"https:\/\/www.terravision.eu\/spagnolo\/news_promotions.html\" \/>\n<meta property=\"og:site_name\" content=\"Terravision Espa\u00f1a\" \/>\n<meta property=\"og:image\" content=\"https:\/\/www.terravision.eu\/files\/2013\/01\/vignette_immaginefacebook2013.jpg\" \/>\n<meta name=\"twitter:label1\" content=\"Tiempo de lectura\" \/>\n\t<meta name=\"twitter:data1\" content=\"3 minutes\" \/>\n<script type=\"application\/ld+json\" class=\"yoast-schema-graph\">{\"@context\":\"https:\/\/schema.org\",\"@graph\":[{\"@type\":\"WebPage\",\"@id\":\"https:\/\/www.terravision.eu\/spagnolo\/news_promotions.html\",\"url\":\"https:\/\/www.terravision.eu\/spagnolo\/news_promotions.html\",\"name\":\"News | Terravision | Terravision Espa\u00f1a\",\"isPartOf\":{\"@id\":\"https:\/\/www.terravision.eu\/spagnolo\/#website\"},\"primaryImageOfPage\":{\"@id\":\"https:\/\/www.terravision.eu\/spagnolo\/news_promotions.html#primaryimage\"},\"image\":{\"@id\":\"https:\/\/www.terravision.eu\/spagnolo\/news_promotions.html#primaryimage\"},\"thumbnailUrl\":\"https:\/\/www.terravision.eu\/files\/2013\/01\/vignette_immaginefacebook2013.jpg\",\"datePublished\":\"2012-08-16T16:27:37+00:00\",\"breadcrumb\":{\"@id\":\"https:\/\/www.terravision.eu\/spagnolo\/news_promotions.html#breadcrumb\"},\"inLanguage\":\"es-ES\",\"potentialAction\":[{\"@type\":\"ReadAction\",\"target\":[\"https:\/\/www.terravision.eu\/spagnolo\/news_promotions.html\"]}]},{\"@type\":\"ImageObject\",\"inLanguage\":\"es-ES\",\"@id\":\"https:\/\/www.terravision.eu\/spagnolo\/news_promotions.html#primaryimage\",\"url\":\"https:\/\/www.terravision.eu\/files\/2013\/01\/vignette_immaginefacebook2013.jpg\",\"contentUrl\":\"https:\/\/www.terravision.eu\/files\/2013\/01\/vignette_immaginefacebook2013.jpg\"},{\"@type\":\"BreadcrumbList\",\"@id\":\"https:\/\/www.terravision.eu\/spagnolo\/news_promotions.html#breadcrumb\",\"itemListElement\":[{\"@type\":\"ListItem\",\"position\":1,\"name\":\"Home\",\"item\":\"https:\/\/www.terravision.eu\/spagnolo\/\"},{\"@type\":\"ListItem\",\"position\":2,\"name\":\"News | Terravision\"}]},{\"@type\":\"WebSite\",\"@id\":\"https:\/\/www.terravision.eu\/spagnolo\/#website\",\"url\":\"https:\/\/www.terravision.eu\/spagnolo\/\",\"name\":\"Terravision Espa\u00f1a\",\"description\":\"Conexiones low-cost desde\/hacia los principales aeropuertos europeos\",\"potentialAction\":[{\"@type\":\"SearchAction\",\"target\":{\"@type\":\"EntryPoint\",\"urlTemplate\":\"https:\/\/www.terravision.eu\/spagnolo\/?s={search_term_string}\"},\"query-input\":{\"@type\":\"PropertyValueSpecification\",\"valueRequired\":true,\"valueName\":\"search_term_string\"}}],\"inLanguage\":\"es-ES\"}]}<\/script>\n<!-- \/ Yoast SEO Premium plugin. -->","yoast_head_json":{"title":"News | Terravision | Terravision Espa\u00f1a","robots":{"index":"index","follow":"follow","max-snippet":"max-snippet:-1","max-image-preview":"max-image-preview:large","max-video-preview":"max-video-preview:-1"},"canonical":"https:\/\/www.terravision.eu\/spagnolo\/news_promotions.html","og_locale":"es_ES","og_type":"article","og_title":"News | Terravision","og_description":"Luton: domingo 8 de Junio nuestros servicios se reducir\u00e1n Debido a la manifestaci\u00f3n de la Federaci\u00f3n Sikh que tendr\u00e1 lugar el 8 de junio de 11:30 a 16:30, los autobuses con salida desde Victoria y Marble Arch saldr\u00e1n durante dicho horario desde las paradas de Baker Street\/Gloucester Place con direcci\u00f3n hacia el aeropuerto de Luton [&hellip;]","og_url":"https:\/\/www.terravision.eu\/spagnolo\/news_promotions.html","og_site_name":"Terravision Espa\u00f1a","og_image":[{"url":"https:\/\/www.terravision.eu\/files\/2013\/01\/vignette_immaginefacebook2013.jpg","type":"","width":"","height":""}],"twitter_misc":{"Tiempo de lectura":"3 minutes"},"schema":{"@context":"https:\/\/schema.org","@graph":[{"@type":"WebPage","@id":"https:\/\/www.terravision.eu\/spagnolo\/news_promotions.html","url":"https:\/\/www.terravision.eu\/spagnolo\/news_promotions.html","name":"News | Terravision | Terravision Espa\u00f1a","isPartOf":{"@id":"https:\/\/www.terravision.eu\/spagnolo\/#website"},"primaryImageOfPage":{"@id":"https:\/\/www.terravision.eu\/spagnolo\/news_promotions.html#primaryimage"},"image":{"@id":"https:\/\/www.terravision.eu\/spagnolo\/news_promotions.html#primaryimage"},"thumbnailUrl":"https:\/\/www.terravision.eu\/files\/2013\/01\/vignette_immaginefacebook2013.jpg","datePublished":"2012-08-16T16:27:37+00:00","breadcrumb":{"@id":"https:\/\/www.terravision.eu\/spagnolo\/news_promotions.html#breadcrumb"},"inLanguage":"es-ES","potentialAction":[{"@type":"ReadAction","target":["https:\/\/www.terravision.eu\/spagnolo\/news_promotions.html"]}]},{"@type":"ImageObject","inLanguage":"es-ES","@id":"https:\/\/www.terravision.eu\/spagnolo\/news_promotions.html#primaryimage","url":"https:\/\/www.terravision.eu\/files\/2013\/01\/vignette_immaginefacebook2013.jpg","contentUrl":"https:\/\/www.terravision.eu\/files\/2013\/01\/vignette_immaginefacebook2013.jpg"},{"@type":"BreadcrumbList","@id":"https:\/\/www.terravision.eu\/spagnolo\/news_promotions.html#breadcrumb","itemListElement":[{"@type":"ListItem","position":1,"name":"Home","item":"https:\/\/www.terravision.eu\/spagnolo\/"},{"@type":"ListItem","position":2,"name":"News | Terravision"}]},{"@type":"WebSite","@id":"https:\/\/www.terravision.eu\/spagnolo\/#website","url":"https:\/\/www.terravision.eu\/spagnolo\/","name":"Terravision Espa\u00f1a","description":"Conexiones low-cost desde\/hacia los principales aeropuertos europeos","potentialAction":[{"@type":"SearchAction","target":{"@type":"EntryPoint","urlTemplate":"https:\/\/www.terravision.eu\/spagnolo\/?s={search_term_string}"},"query-input":{"@type":"PropertyValueSpecification","valueRequired":true,"valueName":"search_term_string"}}],"inLanguage":"es-ES"}]}},"_links":{"self":[{"href":"https:\/\/www.terravision.eu\/spagnolo\/wp-json\/wp\/v2\/pages\/328","targetHints":{"allow":["GET"]}}],"collection":[{"href":"https:\/\/www.terravision.eu\/spagnolo\/wp-json\/wp\/v2\/pages"}],"about":[{"href":"https:\/\/www.terravision.eu\/spagnolo\/wp-json\/wp\/v2\/types\/page"}],"author":[{"embeddable":true,"href":"https:\/\/www.terravision.eu\/spagnolo\/wp-json\/wp\/v2\/users\/1"}],"replies":[{"embeddable":true,"href":"https:\/\/www.terravision.eu\/spagnolo\/wp-json\/wp\/v2\/comments?post=328"}],"version-history":[{"count":0,"href":"https:\/\/www.terravision.eu\/spagnolo\/wp-json\/wp\/v2\/pages\/328\/revisions"}],"wp:attachment":[{"href":"https:\/\/www.terravision.eu\/spagnolo\/wp-json\/wp\/v2\/media?parent=328"}],"curies":[{"name":"wp","href":"https:\/\/api.w.org\/{rel}","templated":true}]}}