{"id":7337,"date":"2013-02-18T12:00:16","date_gmt":"2013-02-18T12:00:16","guid":{"rendered":"https:\/\/www.terravision.eu\/spagnolo\/?page_id=7337"},"modified":"2013-02-18T12:00:16","modified_gmt":"2013-02-18T12:00:16","slug":"city-tour-de-florencia","status":"publish","type":"page","link":"https:\/\/www.terravision.eu\/spagnolo\/city-tours-europe\/tour-y-museos-de-florencia\/city-tour-de-florencia.html","title":{"rendered":"City Tour Florencia"},"content":{"rendered":"<div class=\"title-right\"><span class=\"price\">73<\/span><span class=\"valuta\">\u20ac<\/span><\/div>\n<p><strong>Descubre Florencia con nuestra selecci\u00f3n de visitas guiadas!<\/strong><br \/>\nEl gu\u00eda te llevar\u00e0 a trav\u00e9s de los lugares m\u00e1s interesantes de Florencia: la Galer\u00eda de la Academia, Palacio Viejo, la Loggia dei Lanzi, la Plaza de la Rep\u00fablica, la Catedral con la b\u00f3veda de Brunelleschi, el baptisterio con su famosa puerta del para\u00edso. Las excursi\u00f3nes acabar\u00e1n en la terraza de los Oficios desde donde se puede admirar una hermosa vista del Puente Viejo y de las t\u00edpicas tiendas de los orfebres.<\/p>\n<h4>My Florence Tour <\/h4>\n<p>Incluye: centro de Florencia, Galer\u00eda de la Academia, Palacio Viejo, la Loggia dei Lanzi, vista del Puente Viejo en la terraza de los Oficios.<\/p>\n<div class=\"collapse tour-info collapsed\">\n<h2 class=\"title\">Mi Florencia Tour Info:<\/h2>\n<p><strong>Hasta el 31 de marzo, disponible el<\/strong>: Martes, Jueves, S\u00e1bado<br \/>\nIdiomas: <\/p>\n<ul class=\"flags\">\n<li class=\"gb\"><\/li>\n<li class=\"es\"><\/li>\n<li class=\"de\"><\/li>\n<li class=\"fr\"><\/li>\n<\/ul>\n<p><strong>De 1 abril a 31 octubre, disponible el<\/strong>: el Martes , Mi\u00e9rcoles , Jueves, Viernes, S\u00e1bado y Domingo<br \/>\nIdiomas: <\/p>\n<ul class=\"flags\">\n<li class=\"gb\"><\/li>\n<li class=\"es\"><\/li>\n<\/ul>\n<p><strong>De 1 abril a 31 octubre, disponible el<\/strong>: Martes, Jueves, S\u00e1bado<br \/>\nIdiomas: <\/p>\n<ul class=\"flags\">\n<li class=\"de\"><\/li>\n<li class=\"fr\"><\/li>\n<\/ul>\n<p><strong>Salida:<\/strong> a las horas 11.15<br \/>\n<strong>Punto de encuentro:<\/strong> Galer\u00eda de la Academia, entrada zona \u00abBilletes Reservados\u00bb<br \/>\n<strong>Duraci\u00f3n<\/strong>: 4h45 + 1h30 tiempo libre para el almuerzo<br \/>\n<strong>Gu\u00eda local<\/strong>: incluido<br \/>\n<strong>Attracciones de Florencia incluidas:<\/strong> centro de Florencia, Galer\u00eda de la Academia, Palacio Viejo, la Logia de los Lanzi, vista del Puente Viejo en la terraza de los Uffizi<br \/>\nGrupo de 2 personas min.<\/p>\n<p><a href=\"https:\/\/maps.google.it\/maps\/ms?msid=211366733211262669781.0004dd28173747684cdaf&amp;msa=0&amp;ll=43.779367,11.258755&amp;spn=0.017414,0.042272\" title=\"City Tour Meeting Point\" target=\"_blank\">Consultar el punto de encuentro en el mapa<\/a><\/div>\n<div class=\"collapse tour-info\">\n<h2 class=\"title\">Mi Florencia &#8211; Precios<\/h2>\n<p><strong>Adultos:<\/strong>  \u20ac 73<br \/>\n<strong>Ni\u00f1os (7-12 a\u00f1os)<\/strong>: \u20ac 36.50<br \/>\n<strong>Ni\u00f1os (7-12 a\u00f1os)<\/strong>: gratis<br \/>\nSeleccionar &#8220;Beb\u00e9&#8221; para ni\u00f1os menores de 6 a\u00f1os.<\/div>\n<div class=\"collapse tour-info\">\n<h2 class=\"title\">Contactos<\/h2>\n<p><strong>En colaboraci\u00f3n con Albatravel<\/strong><br \/>\nPlaza dei Rossi, 1 &#8211; 50125 Florencia<br \/>\nLunes-Vienes : +39 055 211 528<br \/>\nWeekends &amp; festivos, emergencias: 39 335 701 4924<br \/>\n<strong><br \/>\nContactos Terravision<\/strong><br \/>\nLunes \u2013 Sabado de las 9.00 a las 18.00 : +39 06.97.61.06.32<br \/>\nSiguenos en <a href=\"http:\/\/www.facebook.com\/terravision.eu\" title=\"Terravision on Facebook\" target=\"_blank\">Facebook<\/a>, <a href=\"http:\/\/www.twitter.com\/terravision.eu\" title=\"Terravision on Twitter\" target=\"_blank\">Twitter<\/a>, <a href=\"https:\/\/www.google.com\/+terravision\" title=\"Terravision on Google+\" target=\"_blank\">Google+<\/a> or <a href=\"http:\/\/pinterest.com\/terravisiongp\/\" title=\"Terravision on Pinterest\" target=\"_blank\">Pinterest<\/a> para m\u00e1s info<\/div>\n","protected":false},"excerpt":{"rendered":"<p>73\u20ac Descubre Florencia con nuestra selecci\u00f3n de visitas guiadas! El gu\u00eda te llevar\u00e0 a trav\u00e9s de los lugares m\u00e1s interesantes de Florencia: la Galer\u00eda de la Academia, Palacio Viejo, la Loggia dei Lanzi, la Plaza de la Rep\u00fablica, la Catedral con la b\u00f3veda de Brunelleschi, el baptisterio con su famosa puerta del para\u00edso. Las excursi\u00f3nes [&hellip;]<\/p>\n","protected":false},"author":1,"featured_media":0,"parent":7322,"menu_order":0,"comment_status":"open","ping_status":"open","template":"page-citytour.php","meta":{"footnotes":""},"class_list":["post-7337","page","type-page","status-publish","hentry"],"yoast_head":"<!-- This site is optimized with the Yoast SEO Premium plugin v24.4 (Yoast SEO v24.4) - https:\/\/yoast.com\/wordpress\/plugins\/seo\/ -->\n<title>City Tour Florencia - &quot;My Florence&quot; Tour | Terravision<\/title>\n<meta name=\"description\" content=\"City Tour Florencia. &quot;My Florence&quot;: tour de Florencia con gu\u00eda local cualificada, incluye la visita a los principales sitios de inter\u00e9s tur\u00edstico.\" \/>\n<meta name=\"robots\" content=\"index, follow, max-snippet:-1, max-image-preview:large, max-video-preview:-1\" \/>\n<link rel=\"canonical\" href=\"https:\/\/www.terravision.eu\/spagnolo\/city-tours-europe\/tour-y-museos-de-florencia\/city-tour-de-florencia.html\" \/>\n<meta property=\"og:locale\" content=\"es_ES\" \/>\n<meta property=\"og:type\" content=\"article\" \/>\n<meta property=\"og:title\" content=\"City Tour Florencia\" \/>\n<meta property=\"og:description\" content=\"City Tour Florencia. &quot;My Florence&quot;: tour de Florencia con gu\u00eda local cualificada, incluye la visita a los principales sitios de inter\u00e9s tur\u00edstico.\" \/>\n<meta property=\"og:url\" content=\"https:\/\/www.terravision.eu\/spagnolo\/city-tours-europe\/tour-y-museos-de-florencia\/city-tour-de-florencia.html\" \/>\n<meta property=\"og:site_name\" content=\"Terravision Espa\u00f1a\" \/>\n<meta name=\"twitter:label1\" content=\"Tiempo de lectura\" \/>\n\t<meta name=\"twitter:data1\" content=\"1 minute\" \/>\n<script type=\"application\/ld+json\" class=\"yoast-schema-graph\">{\"@context\":\"https:\/\/schema.org\",\"@graph\":[{\"@type\":\"WebPage\",\"@id\":\"https:\/\/www.terravision.eu\/spagnolo\/city-tours-europe\/tour-y-museos-de-florencia\/city-tour-de-florencia.html\",\"url\":\"https:\/\/www.terravision.eu\/spagnolo\/city-tours-europe\/tour-y-museos-de-florencia\/city-tour-de-florencia.html\",\"name\":\"City Tour Florencia - \\\"My Florence\\\" Tour | Terravision\",\"isPartOf\":{\"@id\":\"https:\/\/www.terravision.eu\/spagnolo\/#website\"},\"datePublished\":\"2013-02-18T12:00:16+00:00\",\"description\":\"City Tour Florencia. \\\"My Florence\\\": tour de Florencia con gu\u00eda local cualificada, incluye la visita a los principales sitios de inter\u00e9s tur\u00edstico.\",\"breadcrumb\":{\"@id\":\"https:\/\/www.terravision.eu\/spagnolo\/city-tours-europe\/tour-y-museos-de-florencia\/city-tour-de-florencia.html#breadcrumb\"},\"inLanguage\":\"es-ES\",\"potentialAction\":[{\"@type\":\"ReadAction\",\"target\":[\"https:\/\/www.terravision.eu\/spagnolo\/city-tours-europe\/tour-y-museos-de-florencia\/city-tour-de-florencia.html\"]}]},{\"@type\":\"BreadcrumbList\",\"@id\":\"https:\/\/www.terravision.eu\/spagnolo\/city-tours-europe\/tour-y-museos-de-florencia\/city-tour-de-florencia.html#breadcrumb\",\"itemListElement\":[{\"@type\":\"ListItem\",\"position\":1,\"name\":\"Home\",\"item\":\"https:\/\/www.terravision.eu\/spagnolo\/\"},{\"@type\":\"ListItem\",\"position\":2,\"name\":\"City Tours en Europa\",\"item\":\"https:\/\/www.terravision.eu\/spagnolo\/city-tours-europe.html\"},{\"@type\":\"ListItem\",\"position\":3,\"name\":\"Tour y museos en Florencia\",\"item\":\"https:\/\/www.terravision.eu\/spagnolo\/city-tours-europe\/tour-y-museos-de-florencia.html\"},{\"@type\":\"ListItem\",\"position\":4,\"name\":\"City Tour Florencia\"}]},{\"@type\":\"WebSite\",\"@id\":\"https:\/\/www.terravision.eu\/spagnolo\/#website\",\"url\":\"https:\/\/www.terravision.eu\/spagnolo\/\",\"name\":\"Terravision Espa\u00f1a\",\"description\":\"Conexiones low-cost desde\/hacia los principales aeropuertos europeos\",\"potentialAction\":[{\"@type\":\"SearchAction\",\"target\":{\"@type\":\"EntryPoint\",\"urlTemplate\":\"https:\/\/www.terravision.eu\/spagnolo\/?s={search_term_string}\"},\"query-input\":{\"@type\":\"PropertyValueSpecification\",\"valueRequired\":true,\"valueName\":\"search_term_string\"}}],\"inLanguage\":\"es-ES\"}]}<\/script>\n<!-- \/ Yoast SEO Premium plugin. -->","yoast_head_json":{"title":"City Tour Florencia - \"My Florence\" Tour | Terravision","description":"City Tour Florencia. \"My Florence\": tour de Florencia con gu\u00eda local cualificada, incluye la visita a los principales sitios de inter\u00e9s tur\u00edstico.","robots":{"index":"index","follow":"follow","max-snippet":"max-snippet:-1","max-image-preview":"max-image-preview:large","max-video-preview":"max-video-preview:-1"},"canonical":"https:\/\/www.terravision.eu\/spagnolo\/city-tours-europe\/tour-y-museos-de-florencia\/city-tour-de-florencia.html","og_locale":"es_ES","og_type":"article","og_title":"City Tour Florencia","og_description":"City Tour Florencia. \"My Florence\": tour de Florencia con gu\u00eda local cualificada, incluye la visita a los principales sitios de inter\u00e9s tur\u00edstico.","og_url":"https:\/\/www.terravision.eu\/spagnolo\/city-tours-europe\/tour-y-museos-de-florencia\/city-tour-de-florencia.html","og_site_name":"Terravision Espa\u00f1a","twitter_misc":{"Tiempo de lectura":"1 minute"},"schema":{"@context":"https:\/\/schema.org","@graph":[{"@type":"WebPage","@id":"https:\/\/www.terravision.eu\/spagnolo\/city-tours-europe\/tour-y-museos-de-florencia\/city-tour-de-florencia.html","url":"https:\/\/www.terravision.eu\/spagnolo\/city-tours-europe\/tour-y-museos-de-florencia\/city-tour-de-florencia.html","name":"City Tour Florencia - \"My Florence\" Tour | Terravision","isPartOf":{"@id":"https:\/\/www.terravision.eu\/spagnolo\/#website"},"datePublished":"2013-02-18T12:00:16+00:00","description":"City Tour Florencia. \"My Florence\": tour de Florencia con gu\u00eda local cualificada, incluye la visita a los principales sitios de inter\u00e9s tur\u00edstico.","breadcrumb":{"@id":"https:\/\/www.terravision.eu\/spagnolo\/city-tours-europe\/tour-y-museos-de-florencia\/city-tour-de-florencia.html#breadcrumb"},"inLanguage":"es-ES","potentialAction":[{"@type":"ReadAction","target":["https:\/\/www.terravision.eu\/spagnolo\/city-tours-europe\/tour-y-museos-de-florencia\/city-tour-de-florencia.html"]}]},{"@type":"BreadcrumbList","@id":"https:\/\/www.terravision.eu\/spagnolo\/city-tours-europe\/tour-y-museos-de-florencia\/city-tour-de-florencia.html#breadcrumb","itemListElement":[{"@type":"ListItem","position":1,"name":"Home","item":"https:\/\/www.terravision.eu\/spagnolo\/"},{"@type":"ListItem","position":2,"name":"City Tours en Europa","item":"https:\/\/www.terravision.eu\/spagnolo\/city-tours-europe.html"},{"@type":"ListItem","position":3,"name":"Tour y museos en Florencia","item":"https:\/\/www.terravision.eu\/spagnolo\/city-tours-europe\/tour-y-museos-de-florencia.html"},{"@type":"ListItem","position":4,"name":"City Tour Florencia"}]},{"@type":"WebSite","@id":"https:\/\/www.terravision.eu\/spagnolo\/#website","url":"https:\/\/www.terravision.eu\/spagnolo\/","name":"Terravision Espa\u00f1a","description":"Conexiones low-cost desde\/hacia los principales aeropuertos europeos","potentialAction":[{"@type":"SearchAction","target":{"@type":"EntryPoint","urlTemplate":"https:\/\/www.terravision.eu\/spagnolo\/?s={search_term_string}"},"query-input":{"@type":"PropertyValueSpecification","valueRequired":true,"valueName":"search_term_string"}}],"inLanguage":"es-ES"}]}},"_links":{"self":[{"href":"https:\/\/www.terravision.eu\/spagnolo\/wp-json\/wp\/v2\/pages\/7337","targetHints":{"allow":["GET"]}}],"collection":[{"href":"https:\/\/www.terravision.eu\/spagnolo\/wp-json\/wp\/v2\/pages"}],"about":[{"href":"https:\/\/www.terravision.eu\/spagnolo\/wp-json\/wp\/v2\/types\/page"}],"author":[{"embeddable":true,"href":"https:\/\/www.terravision.eu\/spagnolo\/wp-json\/wp\/v2\/users\/1"}],"replies":[{"embeddable":true,"href":"https:\/\/www.terravision.eu\/spagnolo\/wp-json\/wp\/v2\/comments?post=7337"}],"version-history":[{"count":0,"href":"https:\/\/www.terravision.eu\/spagnolo\/wp-json\/wp\/v2\/pages\/7337\/revisions"}],"up":[{"embeddable":true,"href":"https:\/\/www.terravision.eu\/spagnolo\/wp-json\/wp\/v2\/pages\/7322"}],"wp:attachment":[{"href":"https:\/\/www.terravision.eu\/spagnolo\/wp-json\/wp\/v2\/media?parent=7337"}],"curies":[{"name":"wp","href":"https:\/\/api.w.org\/{rel}","templated":true}]}}