{"id":103,"date":"2012-06-25T10:39:13","date_gmt":"2012-06-25T10:39:13","guid":{"rendered":"https:\/\/www.terravision.eu\/travel-london"},"modified":"2018-11-08T09:32:23","modified_gmt":"2018-11-08T09:32:23","slug":"travel_london","status":"publish","type":"page","link":"https:\/\/www.terravision.eu\/tedesco\/travel_london.html","title":{"rendered":"Reisef\u00fchrer London"},"content":{"rendered":"<div id=\"article-single\">\n<div class=\"title\">Reise nach London<\/div>\n<p>  Ein idealer Zielort f\u00fcr Urlaub und Gesch\u00e4ftsreise, London z\u00e4hlt zu den besten Reisezielen der Welt:<br \/>\n&#8211; Zusammen mit New York ein f\u00fchrendes Finanzzentrum<br \/>\n&#8211; Eine kulturelle Hauptstadt, bekannt f\u00fcr Kunst, Ausbildung, Unterhaltung, Mode<br \/>\n&#8211; Eine multikulturelle Stadt mit 300 verschieden Sprachen,<br \/>\n&#8211; Wegen ihrer historischen Fundst\u00e4tten, unter anderen dem Turm von London, den Keys G\u00e4rten, dem Palast von Westmister und Greenwich von der UNESCO zum Weltkulturerbe erkl\u00e4rt. <\/p>\n<p><strong>Sehensw\u00fcrdigkeiten London<\/strong><br \/>\nPalast von Westminster,<br \/>\nBig Ben,<br \/>\nThe House of Parliament,<br \/>\nBuckingham Palace,<br \/>\nThe London Eye,<br \/>\nTrafalgar Square,<br \/>\nPicadilly Circus,<br \/>\nOxford Circus,<br \/>\ndas Soho Viertel,<br \/>\nCamden Town und Camden Markt,<br \/>\nCarnarby und Regent Street f\u00fcr Shopping Liebhaber, <\/p>\n<p><strong>Hauptmuseen und Institutionen<\/strong><br \/>\ndas British Museum,<br \/>\ndie National Gallery,<br \/>\nTate Modern,<br \/>\ndie Bibliothek des British Museum  <\/p>\n<p><strong>Besonderheiten in London<\/strong> Die London Underground ist tats\u00e4chlich die \u00e4lteste U-Bahn der Welt!    <\/div>\n","protected":false},"excerpt":{"rendered":"<p>Reise nach London Ein idealer Zielort f\u00fcr Urlaub und Gesch\u00e4ftsreise, London z\u00e4hlt zu den besten Reisezielen der Welt: &#8211; Zusammen mit New York ein f\u00fchrendes Finanzzentrum &#8211; Eine kulturelle Hauptstadt, bekannt f\u00fcr Kunst, Ausbildung, Unterhaltung, Mode &#8211; Eine multikulturelle Stadt mit 300 verschieden Sprachen, &#8211; Wegen ihrer historischen Fundst\u00e4tten, unter anderen dem Turm von London, [&hellip;]<\/p>\n","protected":false},"author":1,"featured_media":0,"parent":0,"menu_order":0,"comment_status":"open","ping_status":"open","template":"","meta":{"footnotes":""},"class_list":["post-103","page","type-page","status-publish","hentry"],"yoast_head":"<!-- This site is optimized with the Yoast SEO Premium plugin v24.4 (Yoast SEO v24.4) - https:\/\/yoast.com\/wordpress\/plugins\/seo\/ -->\n<title>Reisef\u00fchrer London | Terravision<\/title>\n<meta name=\"description\" content=\"Reisef\u00fchrer London. Reisef\u00fchrer von London mit: Museen, Reisetipps und die besten Sehensw\u00fcrdigkeiten in London.\" \/>\n<meta name=\"robots\" content=\"index, follow, max-snippet:-1, max-image-preview:large, max-video-preview:-1\" \/>\n<link rel=\"canonical\" href=\"https:\/\/www.terravision.eu\/tedesco\/travel_london.html\" \/>\n<meta property=\"og:locale\" content=\"de_DE\" \/>\n<meta property=\"og:type\" content=\"article\" \/>\n<meta property=\"og:title\" content=\"Reisef\u00fchrer London\" \/>\n<meta property=\"og:description\" content=\"Reisef\u00fchrer London. Reisef\u00fchrer von London mit: Museen, Reisetipps und die besten Sehensw\u00fcrdigkeiten in London.\" \/>\n<meta property=\"og:url\" content=\"https:\/\/www.terravision.eu\/tedesco\/travel_london.html\" \/>\n<meta property=\"og:site_name\" content=\"Terravision Deutschland\" \/>\n<meta property=\"article:modified_time\" content=\"2018-11-08T09:32:23+00:00\" \/>\n<meta name=\"twitter:label1\" content=\"Gesch\u00e4tzte Lesezeit\" \/>\n\t<meta name=\"twitter:data1\" content=\"1 minute\" \/>\n<script type=\"application\/ld+json\" class=\"yoast-schema-graph\">{\"@context\":\"https:\/\/schema.org\",\"@graph\":[{\"@type\":\"WebPage\",\"@id\":\"https:\/\/www.terravision.eu\/tedesco\/travel_london.html\",\"url\":\"https:\/\/www.terravision.eu\/tedesco\/travel_london.html\",\"name\":\"Reisef\u00fchrer London | Terravision\",\"isPartOf\":{\"@id\":\"https:\/\/www.terravision.eu\/tedesco\/#website\"},\"datePublished\":\"2012-06-25T10:39:13+00:00\",\"dateModified\":\"2018-11-08T09:32:23+00:00\",\"description\":\"Reisef\u00fchrer London. Reisef\u00fchrer von London mit: Museen, Reisetipps und die besten Sehensw\u00fcrdigkeiten in London.\",\"breadcrumb\":{\"@id\":\"https:\/\/www.terravision.eu\/tedesco\/travel_london.html#breadcrumb\"},\"inLanguage\":\"de-DE\",\"potentialAction\":[{\"@type\":\"ReadAction\",\"target\":[\"https:\/\/www.terravision.eu\/tedesco\/travel_london.html\"]}]},{\"@type\":\"BreadcrumbList\",\"@id\":\"https:\/\/www.terravision.eu\/tedesco\/travel_london.html#breadcrumb\",\"itemListElement\":[{\"@type\":\"ListItem\",\"position\":1,\"name\":\"Home\",\"item\":\"https:\/\/www.terravision.eu\/tedesco\/\"},{\"@type\":\"ListItem\",\"position\":2,\"name\":\"Reisef\u00fchrer London\"}]},{\"@type\":\"WebSite\",\"@id\":\"https:\/\/www.terravision.eu\/tedesco\/#website\",\"url\":\"https:\/\/www.terravision.eu\/tedesco\/\",\"name\":\"Terravision Deutschland\",\"description\":\"G\u00fcnstige Verbindungen von\/zu den wichtigsten Flugh\u00e4fen Europas\",\"potentialAction\":[{\"@type\":\"SearchAction\",\"target\":{\"@type\":\"EntryPoint\",\"urlTemplate\":\"https:\/\/www.terravision.eu\/tedesco\/?s={search_term_string}\"},\"query-input\":{\"@type\":\"PropertyValueSpecification\",\"valueRequired\":true,\"valueName\":\"search_term_string\"}}],\"inLanguage\":\"de-DE\"}]}<\/script>\n<!-- \/ Yoast SEO Premium plugin. -->","yoast_head_json":{"title":"Reisef\u00fchrer London | Terravision","description":"Reisef\u00fchrer London. Reisef\u00fchrer von London mit: Museen, Reisetipps und die besten Sehensw\u00fcrdigkeiten in London.","robots":{"index":"index","follow":"follow","max-snippet":"max-snippet:-1","max-image-preview":"max-image-preview:large","max-video-preview":"max-video-preview:-1"},"canonical":"https:\/\/www.terravision.eu\/tedesco\/travel_london.html","og_locale":"de_DE","og_type":"article","og_title":"Reisef\u00fchrer London","og_description":"Reisef\u00fchrer London. Reisef\u00fchrer von London mit: Museen, Reisetipps und die besten Sehensw\u00fcrdigkeiten in London.","og_url":"https:\/\/www.terravision.eu\/tedesco\/travel_london.html","og_site_name":"Terravision Deutschland","article_modified_time":"2018-11-08T09:32:23+00:00","twitter_misc":{"Gesch\u00e4tzte Lesezeit":"1 minute"},"schema":{"@context":"https:\/\/schema.org","@graph":[{"@type":"WebPage","@id":"https:\/\/www.terravision.eu\/tedesco\/travel_london.html","url":"https:\/\/www.terravision.eu\/tedesco\/travel_london.html","name":"Reisef\u00fchrer London | Terravision","isPartOf":{"@id":"https:\/\/www.terravision.eu\/tedesco\/#website"},"datePublished":"2012-06-25T10:39:13+00:00","dateModified":"2018-11-08T09:32:23+00:00","description":"Reisef\u00fchrer London. Reisef\u00fchrer von London mit: Museen, Reisetipps und die besten Sehensw\u00fcrdigkeiten in London.","breadcrumb":{"@id":"https:\/\/www.terravision.eu\/tedesco\/travel_london.html#breadcrumb"},"inLanguage":"de-DE","potentialAction":[{"@type":"ReadAction","target":["https:\/\/www.terravision.eu\/tedesco\/travel_london.html"]}]},{"@type":"BreadcrumbList","@id":"https:\/\/www.terravision.eu\/tedesco\/travel_london.html#breadcrumb","itemListElement":[{"@type":"ListItem","position":1,"name":"Home","item":"https:\/\/www.terravision.eu\/tedesco\/"},{"@type":"ListItem","position":2,"name":"Reisef\u00fchrer London"}]},{"@type":"WebSite","@id":"https:\/\/www.terravision.eu\/tedesco\/#website","url":"https:\/\/www.terravision.eu\/tedesco\/","name":"Terravision Deutschland","description":"G\u00fcnstige Verbindungen von\/zu den wichtigsten Flugh\u00e4fen Europas","potentialAction":[{"@type":"SearchAction","target":{"@type":"EntryPoint","urlTemplate":"https:\/\/www.terravision.eu\/tedesco\/?s={search_term_string}"},"query-input":{"@type":"PropertyValueSpecification","valueRequired":true,"valueName":"search_term_string"}}],"inLanguage":"de-DE"}]}},"_links":{"self":[{"href":"https:\/\/www.terravision.eu\/tedesco\/wp-json\/wp\/v2\/pages\/103","targetHints":{"allow":["GET"]}}],"collection":[{"href":"https:\/\/www.terravision.eu\/tedesco\/wp-json\/wp\/v2\/pages"}],"about":[{"href":"https:\/\/www.terravision.eu\/tedesco\/wp-json\/wp\/v2\/types\/page"}],"author":[{"embeddable":true,"href":"https:\/\/www.terravision.eu\/tedesco\/wp-json\/wp\/v2\/users\/1"}],"replies":[{"embeddable":true,"href":"https:\/\/www.terravision.eu\/tedesco\/wp-json\/wp\/v2\/comments?post=103"}],"version-history":[{"count":1,"href":"https:\/\/www.terravision.eu\/tedesco\/wp-json\/wp\/v2\/pages\/103\/revisions"}],"predecessor-version":[{"id":12738,"href":"https:\/\/www.terravision.eu\/tedesco\/wp-json\/wp\/v2\/pages\/103\/revisions\/12738"}],"wp:attachment":[{"href":"https:\/\/www.terravision.eu\/tedesco\/wp-json\/wp\/v2\/media?parent=103"}],"curies":[{"name":"wp","href":"https:\/\/api.w.org\/{rel}","templated":true}]}}