{"id":20700,"date":"2025-07-09T07:45:55","date_gmt":"2025-07-09T07:45:55","guid":{"rendered":"https:\/\/www.terravision.eu\/tedesco\/?page_id=20700"},"modified":"2026-01-27T08:43:39","modified_gmt":"2026-01-27T08:43:39","slug":"terravision-extras","status":"publish","type":"page","link":"https:\/\/www.terravision.eu\/tedesco\/terravision-extras.html","title":{"rendered":"Terravision Extras"},"content":{"rendered":"<p>&nbsp;<\/p>\n<p>Reisen Sie mit Terravision und profitieren Sie von den Vorteilen unserer exklusiven Partnerschaften!<\/p>\n<p>&nbsp;<\/p>\n<ul>\n<li>\n<h3><strong><a href=\"https:\/\/affiliates.bigbuspartners.com\/?r=terravision\"><img loading=\"lazy\" decoding=\"async\" class=\"alignnone wp-image-20867\" src=\"https:\/\/www.terravision.eu\/italiano\/files\/2025\/10\/bigbustour.jpg\" alt=\"\" width=\"120\" height=\"26\" \/><img loading=\"lazy\" decoding=\"async\" class=\"alignnone wp-image-20867\" src=\"https:\/\/www.terravision.eu\/italiano\/files\/2026\/01\/LOGO_TOURISTATION-002.jpg\" alt=\"\" width=\"120\" height=\"26\" \/><\/a>\u00a0 <\/strong><strong>Entdecken Sie die Ewige Stadt in Ihrem eigenen Tempo!<\/strong><\/h3>\n<\/li>\n<\/ul>\n<p>Lassen Sie sich von der Magie der Ewigen Stadt verzaubern \u2013 an Bord eines offenen Doppeldeckerbusses! Genie\u00dfen Sie atemberaubende Ausblicke auf die bekanntesten Sehensw\u00fcrdigkeiten: das Kolosseum, die Piazza Venezia, den Petersdom und viele weitere Sch\u00e4tze, die Rom weltweit einzigartig machen.<br \/>\nDank des Hop-On-Hop-Off-Systems k\u00f6nnen Sie an jeder Haltestelle aussteigen, um die Attraktionen Ihrer Wahl zu erkunden \u2013 und jederzeit wieder einsteigen, um die Fahrt fortzusetzen. Entdecken Sie Rom ganz flexibel und in Ihrem eigenen Rhythmus.<\/p>\n<p><strong>So funktioniert es:<\/strong><\/p>\n<p><strong>1<\/strong> <a href=\"https:\/\/affiliates.bigbuspartners.com\/?r=terravision\" target=\"_blank\" rel=\"noopener\">Klicken Sie<\/a> auf den folgenden Link, um alle verf\u00fcgbaren Ticketarten zu entdecken und Ihren Big-Bus-Pass direkt zu erwerben<br \/>\n<strong>2<\/strong> Zeigen Sie Ihr Ticket an einer beliebigen Big-Bus-Haltestelle vor, um es zu entwerten \u2013 und schon beginnt Ihr Abenteuer!<\/p>\n<p>&nbsp;<\/p>\n<p>&nbsp;<\/p>\n<ul>\n<li>\n<h3><a href=\"https:\/\/www.mcarthurglen.com\/en\/outlets\/it\/designer-outlet-castel-romano\/plan-your-visit\/#tab=0\" target=\"_blank\" rel=\"noopener\"><strong><img loading=\"lazy\" decoding=\"async\" class=\"alignnone wp-image-20867\" src=\"https:\/\/www.terravision.eu\/italiano\/files\/2025\/12\/MGDO_logo.jpg\" alt=\"\" width=\"120\" height=\"26\" \/> <\/strong><\/a><strong>\u2013 Castel Romano Outlet<\/strong><\/h3>\n<\/li>\n<\/ul>\n<p>Verpasse nicht die Gelegenheit, im gr\u00f6\u00dften Outlet Mittelitaliens einzukaufen.<\/p>\n<p>Nur 30 Minuten vom Zentrum Roms entfernt bietet dir das <strong>Castel Romano Designer Outlet \u2013 mit \u00fcber 150 Boutiquen der besten internationalen Modemarken und Rabatten von bis zu 70 % \u2013 einen exklusiven Rabatt von 10 %.<\/strong><\/p>\n<p><strong>So funktioniert\u2019s<\/strong>: Zeige dein Terravision-Reiseticket beim Guest Service vor, um die Privilege Card zu erhalten.<\/p>\n<p>&nbsp;<\/p>\n<p>&nbsp;<\/p>\n<ul>\n<li><a href=\"https:\/\/www.terravision.eu\/italiano\/files\/2025\/06\/wayla.png\"><img loading=\"lazy\" decoding=\"async\" class=\"alignleft wp-image-20842\" src=\"https:\/\/www.terravision.eu\/italiano\/files\/2025\/06\/wayla-300x96.png\" alt=\"\" width=\"150\" height=\"48\" \/><\/a><br \/>\n<h3><strong><strong>\u00a0 \u2013 Wayla \u2013 T\u00fcr-zu-T\u00fcr-Service vom\/zum Hauptbahnhof Mailand Terravision<\/strong><\/strong><\/h3>\n<\/li>\n<\/ul>\n<p>Terravision und Wayla Italia b\u00fcndeln ihre Kr\u00e4fte, um Ihnen eine bequemere, sicherere und nachhaltigere urbane Mobilit\u00e4t zu erm\u00f6glichen. Dank dieser Zusammenarbeit k\u00f6nnen Sie komfortabel mit einem Wayla-Minivan direkt von Ihrer Unterkunft oder Ihrem Zuhause zum Hauptbahnhof in Mailand fahren \u2013 und anschlie\u00dfend stressfrei mit unserem Direkttransfer zu den Flugh\u00e4fen Bergamo Orio al Serio oder Mailand Malpensa weiterreisen.<\/p>\n<p>Details zur Partnerschaft: Buchen Sie online Ihren Terravision-Transfer von\/nach Mailand und erhalten Sie automatisch 10 % Rabatt auf die Wayla-Dienste. Verwenden Sie den Rabattcode, um Ihre Fahrt ganz einfach \u00fcber die Wayla-App zu buchen.<\/p>\n<p>&nbsp;<\/p>\n<ul>\n<li><a href=\"https:\/\/www.terravision.eu\/italiano\/files\/2025\/06\/Moovit_logo.png\"><img loading=\"lazy\" decoding=\"async\" class=\"alignleft wp-image-20848\" src=\"https:\/\/www.terravision.eu\/italiano\/files\/2025\/06\/Moovit_logo-300x86.png\" alt=\"\" width=\"150\" height=\"43\" \/><\/a><br \/>\n<h3><strong><strong>\u00a0 \u2013 Die f\u00fchrende App f\u00fcr urbane Mobilit\u00e4t<\/strong><\/strong><\/h3>\n<\/li>\n<\/ul>\n<p>Bewegen Sie sich m\u00fchelos durch die Stadt mit Moovit \u2013 der App, die Ihnen in Echtzeit Informationen zu Bussen, Z\u00fcgen, U-Bahnen, Fahrradverleih und vielem mehr bietet. In \u00fcber 3.500 St\u00e4dten weltweit verf\u00fcgbar, hilft Ihnen Moovit, die optimale Route zu planen und entspannt ans Ziel zu kommen.<\/p>\n<p><script>\n(function(d, s, id) { var js, fjs = d.getElementsByTagName(s)[0]; js = d.createElement(s); js.id = id; js.src = 'https:\/\/widgets.moovit.com\/wtp\/en'; fjs.parentNode.insertBefore(js, fjs); }(document, 'script', 'moovit-jsw')); <\/script><\/p>\n<div class=\"mv-wtp\" data-metro=\"61\" data-lang=\"\" data-customer=\"hlmgFZCocFaF3UvjvNSfvw\"><\/div>\n<ul>\n<li><a href=\"https:\/\/www.terravision.eu\/italiano\/files\/2025\/06\/wox.jpg\"><img loading=\"lazy\" decoding=\"async\" class=\"alignleft wp-image-20850\" src=\"https:\/\/www.terravision.eu\/italiano\/files\/2025\/06\/wox-300x210.jpg\" alt=\"\" width=\"100\" height=\"70\" \/><\/a><br \/>\n<h3><strong><strong>\u00a0 \u00a0\u2013 Audio-gef\u00fchrte Touren zur Entdeckung von Mailand<\/strong><\/strong><\/h3>\n<\/li>\n<\/ul>\n<p>Die Vox Group ist weltweit f\u00fchrend in der Entwicklung technologischer L\u00f6sungen f\u00fcr Tourismus und Kultur und verteilt j\u00e4hrlich \u00fcber 25 Millionen digitale Touren in mehr als 150 L\u00e4ndern. Mit mehrsprachigen Inhalten und benutzerfreundlichen digitalen Tools bietet Vox ein spannendes und f\u00fcr alle zug\u00e4ngliches Besuchserlebnis.<\/p>\n<p>Details zur Partnerschaft: Wenn Sie einen Transfer von\/nach den Flugh\u00e4fen Orio al Serio oder Malpensa mit Terravision buchen, erhalten Sie kostenlosen Zugang zu einer Audio-gef\u00fchrten Tour durch Mailand. Die Zugangsdaten finden Sie direkt auf Ihrem Ticket.<\/p>\n<ul>\n<li><strong><strong><strong><a href=\"https:\/\/www.terravision.eu\/italiano\/files\/2025\/06\/WeRoad.png\"><img loading=\"lazy\" decoding=\"async\" class=\"alignleft wp-image-20864\" src=\"https:\/\/www.terravision.eu\/italiano\/files\/2025\/06\/WeRoad-300x118.png\" alt=\"\" width=\"150\" height=\"59\" \/><\/a><br \/>\n<\/strong><\/strong><\/strong><\/p>\n<h3>\u00a0\u2013<strong> Gruppenreisen mit authentischen Erlebnissen<\/strong><\/h3>\n<p>&nbsp;<\/li>\n<\/ul>\n<p>WeRoad bietet Ihnen einzigartige Abenteuerreisen in \u00fcber 90 L\u00e4nder \u2013 ideal f\u00fcr Reisende, die neue Kulturen erleben und echte Verbindungen kn\u00fcpfen m\u00f6chten. Ob Fernreise oder lokales Event, WeRoad steht f\u00fcr ein neues, gemeinschaftliches Reiseerlebnis.<\/p>\n<p>Details zur Partnerschaft: Erhalten Sie \u20ac50 Rabatt auf Ihre n\u00e4chste Reise! Besuchen Sie weroad.it, w\u00e4hlen Sie Ihr<\/p>\n<p>Reiseziel und geben Sie beim Checkout den Code TERRAWR50 ein. G\u00fcltig f\u00fcr neue Nutzer auf allen Reisen, ausgenommen Express- und Wochenendreisen. Das Angebot ist g\u00fcltig bis zum 31. Dezember 2025.<\/p>\n<p>&nbsp;<\/p>\n<ul>\n<li>\n<h3><strong><strong><a href=\"https:\/\/www.terravision.eu\/italiano\/files\/2025\/06\/1738606344_Logo_compatto_nero.png\"><img loading=\"lazy\" decoding=\"async\" class=\"alignleft wp-image-20871\" src=\"https:\/\/www.terravision.eu\/italiano\/files\/2025\/06\/1738606344_Logo_compatto_nero-300x150.png\" alt=\"\" width=\"120\" height=\"60\" \/><\/a> \u2013 Sichere und bequeme Gep\u00e4ckaufbewahrung<br \/>\n<\/strong><\/strong><\/h3>\n<\/li>\n<\/ul>\n<p>M\u00f6chten Sie Ihr Gep\u00e4ck nicht durch die Stadt tragen? Stow Your Bags bietet Ihnen eine praktische Aufbewahrungsl\u00f6sung mit Selbstbedienungsschlie\u00dff\u00e4chern \u2013 flexibel buchbar f\u00fcr Stunden oder Tage, an 365 Tagen im Jahr.<\/p>\n<p>\u00b7 Video\u00fcberwachte, versicherte Schlie\u00dff\u00e4cher<\/p>\n<p>\u00b7 Kundenservice rund um die Uhr \u00fcber Gegensprechanlage<\/p>\n<p>\u00b7 Schnelle und einfache Online-Buchung<\/p>\n<p>Details zur Partnerschaft: Buchen Sie online unter <a href=\"https:\/\/www.stowyourbags.com\" target=\"_blank\" rel=\"noopener\"> stowyourbags.com<\/a> mit dem Code T3RR4V und erhalten Sie sofort 10 % Rabatt. W\u00e4hlen Sie den f\u00fcr Sie g\u00fcnstigsten Standort, geben Sie Ihre Daten ein und zahlen Sie sicher per Karte oder PayPal. Den Zugangscode erhalten Sie per E-Mail in wenigen Sekunden.<\/p>\n<p>&nbsp;<\/p>\n<p>&nbsp;<\/p>\n<ul>\n<li>\n<h3><strong><strong>\u00a0 <a href=\"https:\/\/www.terravision.eu\/italiano\/files\/2025\/06\/Revolut_logo.svg_.png\"><img loading=\"lazy\" decoding=\"async\" class=\"alignnone wp-image-20867\" src=\"https:\/\/www.terravision.eu\/italiano\/files\/2025\/06\/Revolut_logo.svg_-300x66.png\" alt=\"\" width=\"120\" height=\"26\" \/><\/a> <\/strong><\/strong><strong><strong>\u2013 Die Super-App f\u00fcr Ihre Finanzen auf Reisen<\/strong><\/strong><\/h3>\n<\/li>\n<\/ul>\n<p>Revolut bietet Ihnen moderne Finanzverwaltung mit Multi-W\u00e4hrungs-Konten, Smartcards, Investmentm\u00f6glichkeiten und Versicherungen \u2013 alles in einer benutzerfreundlichen App. Mit \u00fcber 52 Millionen Nutzern weltweit ist Revolut die ideale L\u00f6sung f\u00fcr Reisende, die Flexibilit\u00e4t und Kontrolle sch\u00e4tzen.<\/p>\n<p>Details zur Partnerschaft:<\/p>\n<p>\u00b7 Erhalten Sie einen \u20ac20 Willkommensbonus, wenn Sie ein Konto \u00fcber unseren <a href=\"https:\/\/imp.i251749.net\/c\/2365171\/2208059\/11378 \" target=\"_blank\" rel=\"noopener\">exklusiven Link<\/a> er\u00f6ffnen<\/p>\n<p>\u00b7 Verdienen Sie bis zu 10 RevPoints pro ausgegebenem Euro \u2013 exklusiv f\u00fcr Terravision-Passagiere<\/p>\n<p>F\u00fcr weitere Informationen oder bei Fragen kontaktieren Sie uns gerne unter: customerservices@terravision.eu<\/p>\n<p>&nbsp;<\/p>\n","protected":false},"excerpt":{"rendered":"<p>&nbsp; Reisen Sie mit Terravision und profitieren Sie von den Vorteilen unserer exklusiven Partnerschaften! &nbsp; \u00a0 Entdecken Sie die Ewige Stadt in Ihrem eigenen Tempo! Lassen Sie sich von der Magie der Ewigen Stadt verzaubern \u2013 an Bord eines offenen Doppeldeckerbusses! Genie\u00dfen Sie atemberaubende Ausblicke auf die bekanntesten Sehensw\u00fcrdigkeiten: das Kolosseum, die Piazza Venezia, den [&hellip;]<\/p>\n","protected":false},"author":131,"featured_media":0,"parent":0,"menu_order":0,"comment_status":"closed","ping_status":"closed","template":"","meta":{"footnotes":""},"class_list":["post-20700","page","type-page","status-publish","hentry"],"yoast_head":"<!-- This site is optimized with the Yoast SEO Premium plugin v24.4 (Yoast SEO v24.4) - https:\/\/yoast.com\/wordpress\/plugins\/seo\/ -->\n<title>Terravision Extras | Terravision Deutschland<\/title>\n<meta name=\"robots\" content=\"index, follow, max-snippet:-1, max-image-preview:large, max-video-preview:-1\" \/>\n<link rel=\"canonical\" href=\"https:\/\/www.terravision.eu\/tedesco\/terravision-extras.html\" \/>\n<meta property=\"og:locale\" content=\"de_DE\" \/>\n<meta property=\"og:type\" content=\"article\" \/>\n<meta property=\"og:title\" content=\"Terravision Extras\" \/>\n<meta property=\"og:description\" content=\"&nbsp; Reisen Sie mit Terravision und profitieren Sie von den Vorteilen unserer exklusiven Partnerschaften! &nbsp; \u00a0 Entdecken Sie die Ewige Stadt in Ihrem eigenen Tempo! Lassen Sie sich von der Magie der Ewigen Stadt verzaubern \u2013 an Bord eines offenen Doppeldeckerbusses! Genie\u00dfen Sie atemberaubende Ausblicke auf die bekanntesten Sehensw\u00fcrdigkeiten: das Kolosseum, die Piazza Venezia, den [&hellip;]\" \/>\n<meta property=\"og:url\" content=\"https:\/\/www.terravision.eu\/tedesco\/terravision-extras.html\" \/>\n<meta property=\"og:site_name\" content=\"Terravision Deutschland\" \/>\n<meta property=\"article:modified_time\" content=\"2026-01-27T08:43:39+00:00\" \/>\n<meta property=\"og:image\" content=\"https:\/\/www.terravision.eu\/italiano\/files\/2025\/10\/bigbustour.jpg\" \/>\n<meta name=\"twitter:label1\" content=\"Gesch\u00e4tzte Lesezeit\" \/>\n\t<meta name=\"twitter:data1\" content=\"5 minutes\" \/>\n<script type=\"application\/ld+json\" class=\"yoast-schema-graph\">{\"@context\":\"https:\/\/schema.org\",\"@graph\":[{\"@type\":\"WebPage\",\"@id\":\"https:\/\/www.terravision.eu\/tedesco\/terravision-extras.html\",\"url\":\"https:\/\/www.terravision.eu\/tedesco\/terravision-extras.html\",\"name\":\"Terravision Extras | Terravision Deutschland\",\"isPartOf\":{\"@id\":\"https:\/\/www.terravision.eu\/tedesco\/#website\"},\"primaryImageOfPage\":{\"@id\":\"https:\/\/www.terravision.eu\/tedesco\/terravision-extras.html#primaryimage\"},\"image\":{\"@id\":\"https:\/\/www.terravision.eu\/tedesco\/terravision-extras.html#primaryimage\"},\"thumbnailUrl\":\"https:\/\/www.terravision.eu\/italiano\/files\/2025\/10\/bigbustour.jpg\",\"datePublished\":\"2025-07-09T07:45:55+00:00\",\"dateModified\":\"2026-01-27T08:43:39+00:00\",\"breadcrumb\":{\"@id\":\"https:\/\/www.terravision.eu\/tedesco\/terravision-extras.html#breadcrumb\"},\"inLanguage\":\"de-DE\",\"potentialAction\":[{\"@type\":\"ReadAction\",\"target\":[\"https:\/\/www.terravision.eu\/tedesco\/terravision-extras.html\"]}]},{\"@type\":\"ImageObject\",\"inLanguage\":\"de-DE\",\"@id\":\"https:\/\/www.terravision.eu\/tedesco\/terravision-extras.html#primaryimage\",\"url\":\"https:\/\/www.terravision.eu\/italiano\/files\/2025\/10\/bigbustour.jpg\",\"contentUrl\":\"https:\/\/www.terravision.eu\/italiano\/files\/2025\/10\/bigbustour.jpg\"},{\"@type\":\"BreadcrumbList\",\"@id\":\"https:\/\/www.terravision.eu\/tedesco\/terravision-extras.html#breadcrumb\",\"itemListElement\":[{\"@type\":\"ListItem\",\"position\":1,\"name\":\"Home\",\"item\":\"https:\/\/www.terravision.eu\/tedesco\/\"},{\"@type\":\"ListItem\",\"position\":2,\"name\":\"Terravision Extras\"}]},{\"@type\":\"WebSite\",\"@id\":\"https:\/\/www.terravision.eu\/tedesco\/#website\",\"url\":\"https:\/\/www.terravision.eu\/tedesco\/\",\"name\":\"Terravision Deutschland\",\"description\":\"G\u00fcnstige Verbindungen von\/zu den wichtigsten Flugh\u00e4fen Europas\",\"potentialAction\":[{\"@type\":\"SearchAction\",\"target\":{\"@type\":\"EntryPoint\",\"urlTemplate\":\"https:\/\/www.terravision.eu\/tedesco\/?s={search_term_string}\"},\"query-input\":{\"@type\":\"PropertyValueSpecification\",\"valueRequired\":true,\"valueName\":\"search_term_string\"}}],\"inLanguage\":\"de-DE\"}]}<\/script>\n<!-- \/ Yoast SEO Premium plugin. -->","yoast_head_json":{"title":"Terravision Extras | Terravision Deutschland","robots":{"index":"index","follow":"follow","max-snippet":"max-snippet:-1","max-image-preview":"max-image-preview:large","max-video-preview":"max-video-preview:-1"},"canonical":"https:\/\/www.terravision.eu\/tedesco\/terravision-extras.html","og_locale":"de_DE","og_type":"article","og_title":"Terravision Extras","og_description":"&nbsp; Reisen Sie mit Terravision und profitieren Sie von den Vorteilen unserer exklusiven Partnerschaften! &nbsp; \u00a0 Entdecken Sie die Ewige Stadt in Ihrem eigenen Tempo! Lassen Sie sich von der Magie der Ewigen Stadt verzaubern \u2013 an Bord eines offenen Doppeldeckerbusses! Genie\u00dfen Sie atemberaubende Ausblicke auf die bekanntesten Sehensw\u00fcrdigkeiten: das Kolosseum, die Piazza Venezia, den [&hellip;]","og_url":"https:\/\/www.terravision.eu\/tedesco\/terravision-extras.html","og_site_name":"Terravision Deutschland","article_modified_time":"2026-01-27T08:43:39+00:00","og_image":[{"url":"https:\/\/www.terravision.eu\/italiano\/files\/2025\/10\/bigbustour.jpg","type":"","width":"","height":""}],"twitter_misc":{"Gesch\u00e4tzte Lesezeit":"5 minutes"},"schema":{"@context":"https:\/\/schema.org","@graph":[{"@type":"WebPage","@id":"https:\/\/www.terravision.eu\/tedesco\/terravision-extras.html","url":"https:\/\/www.terravision.eu\/tedesco\/terravision-extras.html","name":"Terravision Extras | Terravision Deutschland","isPartOf":{"@id":"https:\/\/www.terravision.eu\/tedesco\/#website"},"primaryImageOfPage":{"@id":"https:\/\/www.terravision.eu\/tedesco\/terravision-extras.html#primaryimage"},"image":{"@id":"https:\/\/www.terravision.eu\/tedesco\/terravision-extras.html#primaryimage"},"thumbnailUrl":"https:\/\/www.terravision.eu\/italiano\/files\/2025\/10\/bigbustour.jpg","datePublished":"2025-07-09T07:45:55+00:00","dateModified":"2026-01-27T08:43:39+00:00","breadcrumb":{"@id":"https:\/\/www.terravision.eu\/tedesco\/terravision-extras.html#breadcrumb"},"inLanguage":"de-DE","potentialAction":[{"@type":"ReadAction","target":["https:\/\/www.terravision.eu\/tedesco\/terravision-extras.html"]}]},{"@type":"ImageObject","inLanguage":"de-DE","@id":"https:\/\/www.terravision.eu\/tedesco\/terravision-extras.html#primaryimage","url":"https:\/\/www.terravision.eu\/italiano\/files\/2025\/10\/bigbustour.jpg","contentUrl":"https:\/\/www.terravision.eu\/italiano\/files\/2025\/10\/bigbustour.jpg"},{"@type":"BreadcrumbList","@id":"https:\/\/www.terravision.eu\/tedesco\/terravision-extras.html#breadcrumb","itemListElement":[{"@type":"ListItem","position":1,"name":"Home","item":"https:\/\/www.terravision.eu\/tedesco\/"},{"@type":"ListItem","position":2,"name":"Terravision Extras"}]},{"@type":"WebSite","@id":"https:\/\/www.terravision.eu\/tedesco\/#website","url":"https:\/\/www.terravision.eu\/tedesco\/","name":"Terravision Deutschland","description":"G\u00fcnstige Verbindungen von\/zu den wichtigsten Flugh\u00e4fen Europas","potentialAction":[{"@type":"SearchAction","target":{"@type":"EntryPoint","urlTemplate":"https:\/\/www.terravision.eu\/tedesco\/?s={search_term_string}"},"query-input":{"@type":"PropertyValueSpecification","valueRequired":true,"valueName":"search_term_string"}}],"inLanguage":"de-DE"}]}},"_links":{"self":[{"href":"https:\/\/www.terravision.eu\/tedesco\/wp-json\/wp\/v2\/pages\/20700","targetHints":{"allow":["GET"]}}],"collection":[{"href":"https:\/\/www.terravision.eu\/tedesco\/wp-json\/wp\/v2\/pages"}],"about":[{"href":"https:\/\/www.terravision.eu\/tedesco\/wp-json\/wp\/v2\/types\/page"}],"author":[{"embeddable":true,"href":"https:\/\/www.terravision.eu\/tedesco\/wp-json\/wp\/v2\/users\/131"}],"replies":[{"embeddable":true,"href":"https:\/\/www.terravision.eu\/tedesco\/wp-json\/wp\/v2\/comments?post=20700"}],"version-history":[{"count":27,"href":"https:\/\/www.terravision.eu\/tedesco\/wp-json\/wp\/v2\/pages\/20700\/revisions"}],"predecessor-version":[{"id":20966,"href":"https:\/\/www.terravision.eu\/tedesco\/wp-json\/wp\/v2\/pages\/20700\/revisions\/20966"}],"wp:attachment":[{"href":"https:\/\/www.terravision.eu\/tedesco\/wp-json\/wp\/v2\/media?parent=20700"}],"curies":[{"name":"wp","href":"https:\/\/api.w.org\/{rel}","templated":true}]}}