{"id":304,"date":"2012-08-24T14:05:36","date_gmt":"2012-08-24T14:05:36","guid":{"rendered":"https:\/\/www.terravision.eu\/?page_id=5248"},"modified":"2012-08-24T14:05:36","modified_gmt":"2012-08-24T14:05:36","slug":"faq_booking","status":"publish","type":"page","link":"https:\/\/www.terravision.eu\/tedesco\/faq_booking.html","title":{"rendered":"Infos \u00fcber die Terravision-Onlinebuchung"},"content":{"rendered":"<p><strong><a href=\"#Wie kann ich online buchen? \">Wie kann ich online buchen? <\/a><\/strong> <strong> <a href=\"#Was ist nach der Buchung der Online-Fahrkahrte zu beachten?\">Was ist nach der Buchung der Online-Fahrkarte zu beachten?<\/a><\/strong> <strong><a href=\"#Wie kann ich die bestellte Fahrkarte nach dem Kauf noch modifizieren?\"> Wie kann ich die bestellte Fahrkarte nach dem Kauf noch modifizieren?<\/a><\/strong>  <strong><a id=\"Wie kann ich online buchen? \">Wie kann ich online buchen?<\/a><\/strong> Online buchen unter www.terravision.eu ist einfach und heute noch schneller! <a href=\"http:\/\/book.terravision.eu\/de\/register\" target=\"_blank\">Registrieren Sie sich <\/a>auf unserer Webseite und buchen Sie ganz einfach mit Ihrem Benutzernamen und Ihrem Passwort. Mit der Registrierung k\u00f6nnen Sie Ihren Einkauf immer ansehen, uns eventuelle \u00c4nderungen mitteilen und viele andere Vorteilen auf der Webseite wahrnehmen. Registrieren Sie sich noch heute! Sie k\u00f6nnen auch gleich kaufen und sich zu einem sp\u00e4teren Zeitpunkt registrieren: geben Sie die angeforderten Daten ein, dann bekommen Sie einen vorl\u00e4ufigen Benutzernamen und einen einmaliges Passwort, mit dem Sie sich Ihren gesamten Einkauf ansehen k\u00f6nnen. W\u00e4hlen Sie Ihren gew\u00fcnschten Dienst aus! Sie k\u00f6nnen nun den Terravision Bustransferdienst ausw\u00e4hlen. Im Buchungssystem k\u00f6nnen Sie rechts oben die Fahrkartenart, die gew\u00fcnschten Daten und die Anzahl der Reisenden angeben. Sie k\u00f6nnen jederzeit Ihren Dienst ausw\u00e4hlen und in den Einkaufskorb legen. Klicken Sie auf \u201cBuchen Sie online\u201d! Jetzt k\u00f6nnen Sie Ihren Einkauf durchf\u00fchren! Online kaufen in vier einfachen Schritten! <strong>1 : Login\/Registrierung<\/strong> Nach der Auswahl des Dienstes sollten Sie als angemeldeter Benutzer Ihre Daten eingeben und sich einloggen. Sollte dies Ihr erster Einkauf sein, f\u00fcllen Sie den Antrag mit Ihren Daten aus und gehen Sie weiter. <strong>2: Bezahlung<\/strong> Wenn Sie die Dienstleistung in Euro und in GBP gekauft haben, w\u00e4hlen Sie die W\u00e4hrung aus und setzen Sie den Vorgang fort. Achten Sie darauf, die Gesch\u00e4ftsbedingungen zu akzeptieren, Sie werden dann zur Durchf\u00fchrung Ihrer Zahlung auf die Seite des Zahlungsproviders umgeleitet. Bezahlung \u00fcber Paypal. Sollten Sie ein Paypal-Konto haben, geben Sie Ihre Daten ein und f\u00fchren Sie den Einkauf durch. Sollten Sie kein Paypal-Konto haben, registrieren Sie sich in einem Moment kostenlos oder bezahlen Sie \u00fcber das Zahlungssystem mit einer der akzeptierten Kreditkarten*. Sollte der Kunde Probleme mit dem Konto oder der Bezahlung haben, sollte er sich direkt mit Paypal in Verbindung setzen, da solche Informationen pers\u00f6nlich sind und sich auf das Zahlungssystem des Kunden bezieht. <strong>3: Zahlungsbest\u00e4tigung<\/strong> Best\u00e4tigen Sie die Bezahlung, um den Kaufvorgang f\u00fcr die ausgew\u00e4hlten Dienstleistungen fortzusetzen. <strong>4: Erfolgreicher Abschluss des Vorgangs<\/strong> Nach der Zahlungsbest\u00e4tigung sehen Sie die Seite, auf der sich Ihre Einkaufsbest\u00e4tigung befindet<\/a>  <strong><a id=\"Was muss ich nach der Buchung der Online-Fahrkarte beachten?\">Was muss ich nach Buchung der Online-Fahrkarte beachten?<\/a><\/strong> Nach der Zahlungsbest\u00e4tigung bekommen Sie eine E-mail mit Ihren Daten und dem Link, mit dem Sie Ihren Einkauf kontrollieren und Ihre Fahrkarte ausdrucken k\u00f6nnen. Bitte bemerken Sie, dass der Ausdruck als Fahrkarte gilt, die Sie dem Busfahrer bei Abfahrt vorzeigen m\u00fcssen. Passagiere ohne Fahrkarte werden nicht mitgenommen. Nach dem Einloggen in Ihrem pers\u00f6nlichen Bereich k\u00f6nnen Sie Ihre Fahrkarte noch einmal ansehen und ausdrucken. Wenn Sie auf der Terravision-Webseite registriert sind, k\u00f6nnen Sie Ihre Fahrkarte modifizieren und uns bei eventuellen Problemen rechtzeitig kontaktieren. Bitte achten Sie darauf, dass auch die bestellte City-Tour ausgedruckt und dem Reiseleiter vorgelegt werden muss. Das eingegebene Datum gilt als Reise- und Buchungsdatum. Der angemeldete Benutzer kann das Datum innerhalb von 24 Stunden vor dem gebuchten Reisedatum \u00e4ndern. Sollte die Zahlung fehlschlagen, setzen Sie sich \u00fcber das Formular \u201ckontaktieren Sie uns\u201d mit uns in Verbindung. Terravision kann hier keine direkte Abhilfe leisten, da die Zahlungsprobleme ordnungsgem\u00e4\u00df vom Provider (Paypal) behandelt werden.  <strong><a id=\"Wie kann ich die bestellte Fahrkarte nach dem Kauf noch modifizieren?\">Wie kann ich die bestellte Fahrkarte nach dem Kauf noch modifizieren?<\/a><\/strong> Eine schon bestellte Fahrkarte kann wie folgt modifiziert werden: \u2022 Gehen Sie in Ihren pers\u00f6nlichen Bereich: &#8211; alle die Kunden, auch wenn sich nicht vollst\u00e4ndig registriert sind, bekommen einen Benutzernamen und ein Passwort um ihren Einkauf durchzuf\u00fchren. Es ist erforderlich, sich einzuloggen um den zugeordneten, pers\u00f6nlichen Bereich zu betreten. \u2022 Innerhalb 24 Stunden vom Buchungsdatum: \u2013Fahrkarten k\u00f6nnen innerhalb 24 Stunden ab Buchungsdatum ge\u00e4ndert werden. \u2022 Lediglich Datum und Fahrzeit \u2013 die Anzahl der Passagiere und die Dienstleistungsart kann nicht ge\u00e4ndert werden. Nach regelm\u00e4\u00dfigen Mitteilungen auf der Webseite beh\u00e4lt sich Terravision das Recht vor, eventuelle Kosten f\u00fcr die Dienstleistungen hinzuzuf\u00fcgen. Sobald die Fahrkarte modifiziert wurde, ist es erforderlich, die neue Fahrkarte auszudrucken und die alte zu ersetzen.<\/p>\n","protected":false},"excerpt":{"rendered":"<p>Wie kann ich online buchen? Was ist nach der Buchung der Online-Fahrkarte zu beachten? Wie kann ich die bestellte Fahrkarte nach dem Kauf noch modifizieren? Wie kann ich online buchen? Online buchen unter www.terravision.eu ist einfach und heute noch schneller! Registrieren Sie sich auf unserer Webseite und buchen Sie ganz einfach mit Ihrem Benutzernamen und [&hellip;]<\/p>\n","protected":false},"author":1,"featured_media":0,"parent":0,"menu_order":0,"comment_status":"open","ping_status":"open","template":"","meta":{"footnotes":""},"class_list":["post-304","page","type-page","status-publish","hentry"],"yoast_head":"<!-- This site is optimized with the Yoast SEO Premium plugin v24.4 (Yoast SEO v24.4) - https:\/\/yoast.com\/wordpress\/plugins\/seo\/ -->\n<title>Infos \u00fcber die Terravision-Onlinebuchung | Terravision Deutschland<\/title>\n<meta name=\"robots\" content=\"index, follow, max-snippet:-1, max-image-preview:large, max-video-preview:-1\" \/>\n<link rel=\"canonical\" href=\"https:\/\/www.terravision.eu\/tedesco\/faq_booking.html\" \/>\n<meta property=\"og:locale\" content=\"de_DE\" \/>\n<meta property=\"og:type\" content=\"article\" \/>\n<meta property=\"og:title\" content=\"Infos \u00fcber die Terravision-Onlinebuchung\" \/>\n<meta property=\"og:description\" content=\"Wie kann ich online buchen? Was ist nach der Buchung der Online-Fahrkarte zu beachten? Wie kann ich die bestellte Fahrkarte nach dem Kauf noch modifizieren? Wie kann ich online buchen? Online buchen unter www.terravision.eu ist einfach und heute noch schneller! Registrieren Sie sich auf unserer Webseite und buchen Sie ganz einfach mit Ihrem Benutzernamen und [&hellip;]\" \/>\n<meta property=\"og:url\" content=\"https:\/\/www.terravision.eu\/tedesco\/faq_booking.html\" \/>\n<meta property=\"og:site_name\" content=\"Terravision Deutschland\" \/>\n<meta name=\"twitter:label1\" content=\"Gesch\u00e4tzte Lesezeit\" \/>\n\t<meta name=\"twitter:data1\" content=\"3 minutes\" \/>\n<script type=\"application\/ld+json\" class=\"yoast-schema-graph\">{\"@context\":\"https:\/\/schema.org\",\"@graph\":[{\"@type\":\"WebPage\",\"@id\":\"https:\/\/www.terravision.eu\/tedesco\/faq_booking.html\",\"url\":\"https:\/\/www.terravision.eu\/tedesco\/faq_booking.html\",\"name\":\"Infos \u00fcber die Terravision-Onlinebuchung | Terravision Deutschland\",\"isPartOf\":{\"@id\":\"https:\/\/www.terravision.eu\/tedesco\/#website\"},\"datePublished\":\"2012-08-24T14:05:36+00:00\",\"breadcrumb\":{\"@id\":\"https:\/\/www.terravision.eu\/tedesco\/faq_booking.html#breadcrumb\"},\"inLanguage\":\"de-DE\",\"potentialAction\":[{\"@type\":\"ReadAction\",\"target\":[\"https:\/\/www.terravision.eu\/tedesco\/faq_booking.html\"]}]},{\"@type\":\"BreadcrumbList\",\"@id\":\"https:\/\/www.terravision.eu\/tedesco\/faq_booking.html#breadcrumb\",\"itemListElement\":[{\"@type\":\"ListItem\",\"position\":1,\"name\":\"Home\",\"item\":\"https:\/\/www.terravision.eu\/tedesco\/\"},{\"@type\":\"ListItem\",\"position\":2,\"name\":\"Infos \u00fcber die Terravision-Onlinebuchung\"}]},{\"@type\":\"WebSite\",\"@id\":\"https:\/\/www.terravision.eu\/tedesco\/#website\",\"url\":\"https:\/\/www.terravision.eu\/tedesco\/\",\"name\":\"Terravision Deutschland\",\"description\":\"G\u00fcnstige Verbindungen von\/zu den wichtigsten Flugh\u00e4fen Europas\",\"potentialAction\":[{\"@type\":\"SearchAction\",\"target\":{\"@type\":\"EntryPoint\",\"urlTemplate\":\"https:\/\/www.terravision.eu\/tedesco\/?s={search_term_string}\"},\"query-input\":{\"@type\":\"PropertyValueSpecification\",\"valueRequired\":true,\"valueName\":\"search_term_string\"}}],\"inLanguage\":\"de-DE\"}]}<\/script>\n<!-- \/ Yoast SEO Premium plugin. -->","yoast_head_json":{"title":"Infos \u00fcber die Terravision-Onlinebuchung | Terravision Deutschland","robots":{"index":"index","follow":"follow","max-snippet":"max-snippet:-1","max-image-preview":"max-image-preview:large","max-video-preview":"max-video-preview:-1"},"canonical":"https:\/\/www.terravision.eu\/tedesco\/faq_booking.html","og_locale":"de_DE","og_type":"article","og_title":"Infos \u00fcber die Terravision-Onlinebuchung","og_description":"Wie kann ich online buchen? Was ist nach der Buchung der Online-Fahrkarte zu beachten? Wie kann ich die bestellte Fahrkarte nach dem Kauf noch modifizieren? Wie kann ich online buchen? Online buchen unter www.terravision.eu ist einfach und heute noch schneller! Registrieren Sie sich auf unserer Webseite und buchen Sie ganz einfach mit Ihrem Benutzernamen und [&hellip;]","og_url":"https:\/\/www.terravision.eu\/tedesco\/faq_booking.html","og_site_name":"Terravision Deutschland","twitter_misc":{"Gesch\u00e4tzte Lesezeit":"3 minutes"},"schema":{"@context":"https:\/\/schema.org","@graph":[{"@type":"WebPage","@id":"https:\/\/www.terravision.eu\/tedesco\/faq_booking.html","url":"https:\/\/www.terravision.eu\/tedesco\/faq_booking.html","name":"Infos \u00fcber die Terravision-Onlinebuchung | Terravision Deutschland","isPartOf":{"@id":"https:\/\/www.terravision.eu\/tedesco\/#website"},"datePublished":"2012-08-24T14:05:36+00:00","breadcrumb":{"@id":"https:\/\/www.terravision.eu\/tedesco\/faq_booking.html#breadcrumb"},"inLanguage":"de-DE","potentialAction":[{"@type":"ReadAction","target":["https:\/\/www.terravision.eu\/tedesco\/faq_booking.html"]}]},{"@type":"BreadcrumbList","@id":"https:\/\/www.terravision.eu\/tedesco\/faq_booking.html#breadcrumb","itemListElement":[{"@type":"ListItem","position":1,"name":"Home","item":"https:\/\/www.terravision.eu\/tedesco\/"},{"@type":"ListItem","position":2,"name":"Infos \u00fcber die Terravision-Onlinebuchung"}]},{"@type":"WebSite","@id":"https:\/\/www.terravision.eu\/tedesco\/#website","url":"https:\/\/www.terravision.eu\/tedesco\/","name":"Terravision Deutschland","description":"G\u00fcnstige Verbindungen von\/zu den wichtigsten Flugh\u00e4fen Europas","potentialAction":[{"@type":"SearchAction","target":{"@type":"EntryPoint","urlTemplate":"https:\/\/www.terravision.eu\/tedesco\/?s={search_term_string}"},"query-input":{"@type":"PropertyValueSpecification","valueRequired":true,"valueName":"search_term_string"}}],"inLanguage":"de-DE"}]}},"_links":{"self":[{"href":"https:\/\/www.terravision.eu\/tedesco\/wp-json\/wp\/v2\/pages\/304","targetHints":{"allow":["GET"]}}],"collection":[{"href":"https:\/\/www.terravision.eu\/tedesco\/wp-json\/wp\/v2\/pages"}],"about":[{"href":"https:\/\/www.terravision.eu\/tedesco\/wp-json\/wp\/v2\/types\/page"}],"author":[{"embeddable":true,"href":"https:\/\/www.terravision.eu\/tedesco\/wp-json\/wp\/v2\/users\/1"}],"replies":[{"embeddable":true,"href":"https:\/\/www.terravision.eu\/tedesco\/wp-json\/wp\/v2\/comments?post=304"}],"version-history":[{"count":0,"href":"https:\/\/www.terravision.eu\/tedesco\/wp-json\/wp\/v2\/pages\/304\/revisions"}],"wp:attachment":[{"href":"https:\/\/www.terravision.eu\/tedesco\/wp-json\/wp\/v2\/media?parent=304"}],"curies":[{"name":"wp","href":"https:\/\/api.w.org\/{rel}","templated":true}]}}